{"id":39345,"date":"2025-05-07T13:08:07","date_gmt":"2025-05-07T17:08:07","guid":{"rendered":"https:\/\/concoursmontreal.ca\/?post_type=cmim-jury&#038;p=39345"},"modified":"2025-09-18T12:35:38","modified_gmt":"2025-09-18T16:35:38","slug":"delores-ziegler","status":"publish","type":"cmim-jury","link":"https:\/\/concoursmontreal.ca\/fr\/jury\/delores-ziegler\/","title":{"rendered":"Delores Ziegler"},"content":{"rendered":"<p style=\"text-align: left;\"><a class=\"maxbutton-158 maxbutton maxbutton-voix-2025-fr\" href=\"https:\/\/concoursmontreal.ca\/fr\/voix-2025\/\"><span class='mb-text'>Voix 2025<\/span><\/a><\/p>\n<p style=\"text-align: left;\"><span data-contrast=\"auto\">La mezzo-soprano am\u00e9ricaine Delores Ziegler s\u2019est produite dans les plus grandes maisons d\u2019op\u00e9ra au monde, incluant le Wiener<\/span><span data-contrast=\"none\"> Staatsoper, le Teatro alla Scala, les Festivals de Glyndebourne et de Salzbourg, l\u2019Op\u00e9ra Bastille \u00e0 Paris, le Bayerische Staatsoper Munich, et le Teatro Col\u00f3n de Buenos Aires. Native de la G\u00e9orgie, <\/span><span data-contrast=\"auto\">Delores Ziegler <\/span><span data-contrast=\"none\">a \u00e9galement chant\u00e9 avec les plus grandes compagnies lyriques am\u00e9ricaines, comme le Metropolitan Opera, le Lyric Opera of Chicago et le San Francisco Opera.\u00a0<\/span><span data-ccp-props=\"{&quot;134233117&quot;:true,&quot;134233118&quot;:true,&quot;201341983&quot;:0,&quot;335559740&quot;:240}\">\u00a0<\/span><\/p>\n<p style=\"text-align: left;\"><span data-contrast=\"none\">Reconnue pour ses interpr\u00e9tations de r\u00f4les mezzos <\/span><i><span data-contrast=\"none\">bel canto<\/span><\/i><span data-contrast=\"none\">, Delores Ziegler a \u00e9t\u00e9 la premi\u00e8re chanteuse dans l\u2019histoire de l\u2019op\u00e9ra \u00e0 chanter <\/span><i><span data-contrast=\"none\">I<\/span><\/i> <i><span data-contrast=\"none\">Capuleti e i Montecchi <\/span><\/i><span data-contrast=\"none\">de Bellini au Th\u00e9\u00e2tre Bolsho\u00ef de Moscou, au San Francisco Opera et au Japon. Par ailleurs, elle est la Dorabella (<\/span><i><span data-contrast=\"none\">Cos\u00ec fan tutte<\/span><\/i><span data-contrast=\"none\">) la plus enregistr\u00e9e de l\u2019histoire, figurant sur deux disques \u2013 avec Bernard Haitink pour EMI et Nikolaus Harnoncourt pour Teldec \u2013 de m\u00eame que sur un enregistrement audiovisuel dirig\u00e9 par Riccardo Muti produit par La Scala, et finalement dans une version op\u00e9ra-film dirig\u00e9e par Jean-Pierre Ponnelle pour l\u2019\u00e9tiquette Deutsche Grammophon. <\/span><span data-ccp-props=\"{&quot;134233117&quot;:true,&quot;134233118&quot;:true,&quot;201341983&quot;:0,&quot;335559740&quot;:240}\">\u00a0<\/span><\/p>\n<p style=\"text-align: left;\"><span data-contrast=\"none\">Delores Ziegler a particip\u00e9 \u00e0 la toute premi\u00e8re \u00e9dition de l\u2019\u00e9mission sp\u00e9ciale \u00ab Pavarotti, Plus! &#8211; Live from Lincoln Center \u00bb sur la cha\u00eene de t\u00e9l\u00e9vision PBS. Elle a fait ses d\u00e9buts \u00e0 Carnegie Hall dans le <\/span><i><span data-contrast=\"none\">Stabat Mater<\/span><\/i><span data-contrast=\"none\"> de Rossini sous la direction de Riccardo Muti, dans le cadre de sa derni\u00e8re performance \u00e0 la barre du <\/span><span data-contrast=\"none\">Philadelphia Orchestra. La mezzo-soprano a chant\u00e9 les <\/span><i><span data-contrast=\"none\">Wesendonck Lieder <\/span><\/i><span data-contrast=\"none\">aux c\u00f4t\u00e9s du London BBC Symphony, la <\/span><i><span data-contrast=\"none\">Passion selon saint Jean<\/span><\/i><span data-contrast=\"none\"> avec<\/span><span data-contrast=\"none\"> l\u2019Orchestra dell\u2019Accademia Nazionale di Santa Cecilia \u00e0 Rome, de m\u00eame que le <\/span><i><span data-contrast=\"none\">Stabat Mater<\/span><\/i><span data-contrast=\"none\"> de Rossini \u00e0 Aix-en-Provence et \u00e0 Venise. <\/span><span data-contrast=\"none\">Grande interpr\u00e8te du lied, elle a fait ses d\u00e9buts sur la sc\u00e8ne new-yorkaise dans le cadre de la Carnegie Hall\u2019s Weill Recital Hall Series en 1992.<\/span><span data-ccp-props=\"{&quot;134233117&quot;:true,&quot;134233118&quot;:true,&quot;201341983&quot;:0,&quot;335551550&quot;:1,&quot;335551620&quot;:1,&quot;335559685&quot;:0,&quot;335559737&quot;:0,&quot;335559740&quot;:240}\">\u00a0<\/span><\/p>\n<p style=\"text-align: left;\"><span data-contrast=\"none\">Sa discographie contient 28 opus dont le plus r\u00e9cent pr\u00e9sente le cycle de m\u00e9lodies <\/span><i><span data-contrast=\"none\">T<\/span><\/i><i><span data-contrast=\"none\">he Evidence of Things Not Seen <\/span><\/i><span data-contrast=\"none\">de Ned Rorem, cycle pour lequel Delor\u00e8s Ziegler a particip\u00e9 \u00e0 la cr\u00e9ation \u00e0 Carnegie Hall.\u00a0<\/span><span data-ccp-props=\"{&quot;134233117&quot;:true,&quot;134233118&quot;:true,&quot;201341983&quot;:0,&quot;335559740&quot;:240}\">\u00a0<\/span><\/p>\n<p style=\"text-align: left;\"><span data-contrast=\"none\">Mme Ziegler est d\u00e9tentrice d\u2019un doctorat honorifique et <\/span><span data-contrast=\"auto\">s\u2019est vu d\u00e9cerner en 2012 le titre d\u2019Enseignante distingu\u00e9e et professeure \u00e9m\u00e9rite \u00e0 l\u2019\u00e9cole de musique de l\u2019Universit\u00e9 du Maryland.<\/span><\/p>\n<p style=\"text-align: left;\">\u00a0<\/p>\n<p style=\"text-align: left;\"><a href=\"https:\/\/www.jedonneenligne.org\/cmim\/25PARRAIN\/\" target=\"_blank\" rel=\"noopener\"><img loading=\"lazy\" decoding=\"async\" class=\"alignnone wp-image-37201\" style=\"text-align: left;\" src=\"\/wp-content\/uploads\/2025\/01\/Voix2025_parrainage-sponsorship_fr_400x168.png\" alt=\"\" width=\"200\" height=\"84\" \/><\/a> <br \/><span style=\"font-size: 14px;\"><br \/>Contactez-nous pour parrainer un membre de notre jury : <\/span><span style=\"font-size: 14px;\"><span style=\"text-align: center; color: #e9423b;\"><a href=\"#Zm9uZGF0aW9uQGNvbmNvdXJzbW9udHJlYWwuY2E=\" class=\"mailto\" rel=\"email\">fondation@concoursmontreal.ca<\/a><\/span><\/span><\/p>\n<p>&nbsp;<\/p>\n<p style=\"text-align: center;\"><a href=\"https:\/\/www.ritzcarlton.com\/fr\/hotels\/yulrm-the-ritz-carlton-montreal\/overview\/\"><img loading=\"lazy\" decoding=\"async\" class=\" wp-image-33226 aligncenter\" src=\"\/wp-content\/uploads\/2023\/10\/Ritz-Carlton_Montreal_Logo.svg_.png\" alt=\"\" width=\"140\" height=\"103\" \/><\/a><\/p>\n<p style=\"text-align: center;\">Le jury de Voix 2025 est h\u00e9berg\u00e9 au Ritz-Carlton \u2013 Montr\u00e9al<\/p>\n<p>&nbsp;<\/p>\n<p style=\"text-align: center;\"><a class=\"maxbutton-158 maxbutton maxbutton-voix-2025-fr\" href=\"https:\/\/concoursmontreal.ca\/fr\/voix-2025\/\"><span class='mb-text'>Voix 2025<\/span><\/a><\/p>\n<p style=\"text-align: center;\"><a class=\"maxbutton-141 maxbutton maxbutton-billets-et-forfaits\" href=\"https:\/\/www.concoursmontreal.ca\/fr\/violon-2026\/billetterie\/\"><span class='mb-text'>BILLETS ET FORFAITS<\/span><\/a><\/p>\n<p style=\"text-align: center;\"><a class=\"maxbutton-74 maxbutton maxbutton-donnez-au-concours\" href=\"https:\/\/www.concoursmontreal.ca\/fr\/appuyez\/faire-un-don\/\"><span class='mb-text'>DONNEZ AU CONCOURS<\/span><\/a><\/p>\n","protected":false},"excerpt":{"rendered":"<p>La mezzo-soprano am\u00e9ricaine Delores Ziegler s\u2019est produite dans les plus grandes maisons d\u2019op\u00e9ra au monde, incluant le Wiener Staatsoper, le Teatro alla Scala, les Festivals de Glyndebourne et de Salzbourg, l\u2019Op\u00e9ra Bastille \u00e0 Paris, le Bayerische Staatsoper Munich, et le Teatro Col\u00f3n de Buenos Aires. Native de la G\u00e9orgie, Delores Ziegler a \u00e9galement chant\u00e9 avec [&hellip;]<\/p>\n","protected":false},"featured_media":39344,"template":"","class_list":["post-39345","cmim-jury","type-cmim-jury","status-publish","has-post-thumbnail","hentry"],"acf":{"cmim_jury_photo_credits":"","cmim_jury_role":"","cmim_jury_country":""},"featured_media_src_url":"\/wp-content\/uploads\/2024\/08\/Ziegler_Delores_web_photo_400x400.jpg","_links":{"self":[{"href":"https:\/\/concoursmontreal.ca\/fr\/wp-json\/wp\/v2\/cmim-jury\/39345","targetHints":{"allow":["GET"]}}],"collection":[{"href":"https:\/\/concoursmontreal.ca\/fr\/wp-json\/wp\/v2\/cmim-jury"}],"about":[{"href":"https:\/\/concoursmontreal.ca\/fr\/wp-json\/wp\/v2\/types\/cmim-jury"}],"wp:featuredmedia":[{"embeddable":true,"href":"https:\/\/concoursmontreal.ca\/fr\/wp-json\/wp\/v2\/media\/39344"}],"wp:attachment":[{"href":"https:\/\/concoursmontreal.ca\/fr\/wp-json\/wp\/v2\/media?parent=39345"}],"curies":[{"name":"wp","href":"https:\/\/api.w.org\/{rel}","templated":true}]}}

<p style="text-align: left;"><a class="maxbutton-158 maxbutton maxbutton-voix-2025-fr" href="https://concoursmontreal.ca/fr/voix-2025/"><span class='mb-text'>Voix 2025</span></a></p>
<p style="text-align: left;"><span data-contrast="auto">La mezzo-soprano américaine Delores Ziegler s’est produite dans les plus grandes maisons d’opéra au monde, incluant le Wiener</span><span data-contrast="none"> Staatsoper, le Teatro alla Scala, les Festivals de Glyndebourne et de Salzbourg, l’Opéra Bastille à Paris, le Bayerische Staatsoper Munich, et le Teatro Colón de Buenos Aires. Native de la Géorgie, </span><span data-contrast="auto">Delores Ziegler </span><span data-contrast="none">a également chanté avec les plus grandes compagnies lyriques américaines, comme le Metropolitan Opera, le Lyric Opera of Chicago et le San Francisco Opera. </span><span data-ccp-props="{&quot;134233117&quot;:true,&quot;134233118&quot;:true,&quot;201341983&quot;:0,&quot;335559740&quot;:240}"> </span></p>
<p style="text-align: left;"><span data-contrast="none">Reconnue pour ses interprétations de rôles mezzos </span><i><span data-contrast="none">bel canto</span></i><span data-contrast="none">, Delores Ziegler a été la première chanteuse dans l’histoire de l’opéra à chanter </span><i><span data-contrast="none">I</span></i> <i><span data-contrast="none">Capuleti e i Montecchi </span></i><span data-contrast="none">de Bellini au Théâtre Bolshoï de Moscou, au San Francisco Opera et au Japon. Par ailleurs, elle est la Dorabella (</span><i><span data-contrast="none">Così fan tutte</span></i><span data-contrast="none">) la plus enregistrée de l’histoire, figurant sur deux disques – avec Bernard Haitink pour EMI et Nikolaus Harnoncourt pour Teldec – de même que sur un enregistrement audiovisuel dirigé par Riccardo Muti produit par La Scala, et finalement dans une version opéra-film dirigée par Jean-Pierre Ponnelle pour l’étiquette Deutsche Grammophon. </span><span data-ccp-props="{&quot;134233117&quot;:true,&quot;134233118&quot;:true,&quot;201341983&quot;:0,&quot;335559740&quot;:240}"> </span></p>
<p style="text-align: left;"><span data-contrast="none">Delores Ziegler a participé à la toute première édition de l’émission spéciale « Pavarotti, Plus! &#8211; Live from Lincoln Center » sur la chaîne de télévision PBS. Elle a fait ses débuts à Carnegie Hall dans le </span><i><span data-contrast="none">Stabat Mater</span></i><span data-contrast="none"> de Rossini sous la direction de Riccardo Muti, dans le cadre de sa dernière performance à la barre du </span><span data-contrast="none">Philadelphia Orchestra. La mezzo-soprano a chanté les </span><i><span data-contrast="none">Wesendonck Lieder </span></i><span data-contrast="none">aux côtés du London BBC Symphony, la </span><i><span data-contrast="none">Passion selon saint Jean</span></i><span data-contrast="none"> avec</span><span data-contrast="none"> l’Orchestra dell’Accademia Nazionale di Santa Cecilia à Rome, de même que le </span><i><span data-contrast="none">Stabat Mater</span></i><span data-contrast="none"> de Rossini à Aix-en-Provence et à Venise. </span><span data-contrast="none">Grande interprète du lied, elle a fait ses débuts sur la scène new-yorkaise dans le cadre de la Carnegie Hall’s Weill Recital Hall Series en 1992.</span><span data-ccp-props="{&quot;134233117&quot;:true,&quot;134233118&quot;:true,&quot;201341983&quot;:0,&quot;335551550&quot;:1,&quot;335551620&quot;:1,&quot;335559685&quot;:0,&quot;335559737&quot;:0,&quot;335559740&quot;:240}"> </span></p>
<p style="text-align: left;"><span data-contrast="none">Sa discographie contient 28 opus dont le plus récent présente le cycle de mélodies </span><i><span data-contrast="none">T</span></i><i><span data-contrast="none">he Evidence of Things Not Seen </span></i><span data-contrast="none">de Ned Rorem, cycle pour lequel Delorès Ziegler a participé à la création à Carnegie Hall. </span><span data-ccp-props="{&quot;134233117&quot;:true,&quot;134233118&quot;:true,&quot;201341983&quot;:0,&quot;335559740&quot;:240}"> </span></p>
<p style="text-align: left;"><span data-contrast="none">Mme Ziegler est détentrice d’un doctorat honorifique et </span><span data-contrast="auto">s’est vu décerner en 2012 le titre d’Enseignante distinguée et professeure émérite à l’école de musique de l’Université du Maryland.</span></p>
<p style="text-align: left;"> </p>
<p style="text-align: left;"><a href="https://www.jedonneenligne.org/cmim/25PARRAIN/" target="_blank" rel="noopener"><img loading="lazy" decoding="async" class="alignnone wp-image-37201" style="text-align: left;" src="/wp-content/uploads/2025/01/Voix2025_parrainage-sponsorship_fr_400x168.png" alt="" width="200" height="84" /></a> <br /><span style="font-size: 14px;"><br />Contactez-nous pour parrainer un membre de notre jury : </span><span style="font-size: 14px;"><span style="text-align: center; color: #e9423b;"><a href="#Zm9uZGF0aW9uQGNvbmNvdXJzbW9udHJlYWwuY2E=" class="mailto" rel="email">fondation@concoursmontreal.ca</a></span></span></p>
<p>&nbsp;</p>
<p style="text-align: center;"><a href="https://www.ritzcarlton.com/fr/hotels/yulrm-the-ritz-carlton-montreal/overview/"><img loading="lazy" decoding="async" class=" wp-image-33226 aligncenter" src="/wp-content/uploads/2023/10/Ritz-Carlton_Montreal_Logo.svg_.png" alt="" width="140" height="103" /></a></p>
<p style="text-align: center;">Le jury de Voix 2025 est hébergé au Ritz-Carlton – Montréal</p>
<p>&nbsp;</p>
<p style="text-align: center;"><a class="maxbutton-158 maxbutton maxbutton-voix-2025-fr" href="https://concoursmontreal.ca/fr/voix-2025/"><span class='mb-text'>Voix 2025</span></a></p>
<p style="text-align: center;"><a class="maxbutton-141 maxbutton maxbutton-billets-et-forfaits" href="https://www.concoursmontreal.ca/fr/violon-2026/billetterie/"><span class='mb-text'>BILLETS ET FORFAITS</span></a></p>
<p style="text-align: center;"><a class="maxbutton-74 maxbutton maxbutton-donnez-au-concours" href="https://www.concoursmontreal.ca/fr/appuyez/faire-un-don/"><span class='mb-text'>DONNEZ AU CONCOURS</span></a></p>

<p>La mezzo-soprano américaine Delores Ziegler s’est produite dans les plus grandes maisons d’opéra au monde, incluant le Wiener Staatsoper, le Teatro alla Scala, les Festivals de Glyndebourne et de Salzbourg, l’Opéra Bastille à Paris, le Bayerische Staatsoper Munich, et le Teatro Colón de Buenos Aires. Native de la Géorgie, Delores Ziegler a également chanté avec [&hellip;]</p>
