{"id":35377,"date":"2024-09-03T05:00:02","date_gmt":"2024-09-03T09:00:02","guid":{"rendered":"https:\/\/concoursmontreal.ca\/?post_type=cmim-jury&#038;p=35377"},"modified":"2025-09-18T12:35:15","modified_gmt":"2025-09-18T16:35:15","slug":"anthony-freud","status":"publish","type":"cmim-jury","link":"https:\/\/concoursmontreal.ca\/fr\/jury\/anthony-freud\/","title":{"rendered":"Anthony Freud"},"content":{"rendered":"<p style=\"text-align: left;\"><a class=\"maxbutton-158 maxbutton maxbutton-voix-2025-fr\" href=\"https:\/\/concoursmontreal.ca\/fr\/voix-2025\/\"><span class='mb-text'>Voix 2025<\/span><\/a><\/p>\n<p style=\"text-align: left;\"><span style=\"font-size: 14px;\">Anthony Freud a \u00e9t\u00e9 directeur g\u00e9n\u00e9ral, pr\u00e9sident et chef de la direction du Lyric Opera of Chicago pendant treize ans, avant de prendre sa retraite en juillet 2024. En plus de g\u00e9rer les op\u00e9rations financi\u00e8res et artistiques de la compagnie, il a supervis\u00e9 des travaux de planification strat\u00e9gique et de restructuration de l&rsquo;entreprise, et a d\u00e9velopp\u00e9 une initiative novatrice d\u2019engagement communautaire et d\u2019apprentissage en concevant le projet du Lyric Unlimited. Durant ses nombreuses ann\u00e9es \u00e0 la t\u00eate de la direction de l\u2019institution, il a \u00e9galement forg\u00e9 d\u2019importantes nouvelles relations avec une grande vari\u00e9t\u00e9 d\u2019organismes culturels et communautaires.<\/span><\/p>\n<p style=\"text-align: left;\"><span style=\"font-size: 14px;\">Anthony Freud est connu sur la sc\u00e8ne internationale pour ses travaux en tant que directeur g\u00e9n\u00e9ral du Lyric Opera of Chicago, et avant cela au Houston Grand Opera (2006-2011), ainsi qu\u2019au Welsh National Opera (1994-2005). Il est reconnu au sein des trois organismes pour ses importantes initiatives artistiques, pour avoir renforc\u00e9 et am\u00e9lior\u00e9 leur mod\u00e8le d&rsquo;affaires, de m\u00eame que pour son engagement communautaire visionnaire, qui se traduit notamment par des programmes d&rsquo;apprentissage qui ont atteint un public diversifi\u00e9.<\/span><\/p>\n<p style=\"text-align: left;\"><span style=\"font-size: 14px;\">Freud est la seule personne \u00e0 avoir agi \u00e0 titre de pr\u00e9sident \u00e0 la fois pour Opera Canada et Opera Europa; il est d\u2019ailleurs membre \u00e9m\u00e9rite du conseil d\u2019Opera America. Il a pr\u00e9sid\u00e9 le jury de la BBC Cardiff Singer of the World Competition (1995-2005), et a si\u00e9g\u00e9 sur le jury de diverses comp\u00e9titions internationales de chant, notamment Operalia, Neue Stimmen, l\u2019International Hans Gabor Belvedere Singing Competition et la Tenor Vi\u00f1as Competition. Il a \u00e9galement \u00e9t\u00e9 membre du conseil du National Opera Studio de Londres (1994-2005).<\/span><\/p>\n<p style=\"text-align: left;\"><span style=\"font-size: 14px;\" data-contrast=\"none\">De 2016 \u00e0 2023, en partenariat avec la professeure Martha Nussbaum, Freud a enseign\u00e9 \u00ab Opera as Idea and as Performance \u00bb \u00e0 l\u2019Universit\u00e9 de Chicago. Il a \u00e9galement agi \u00e0 titre de producteur ex\u00e9cutif pour la compagnie Philips Classics (1992-1994), o\u00f9 il a dirig\u00e9 les projets d\u2019enregistrements pour certains des artistes les plus reconnus du milieu classique. Freud a d\u00e9but\u00e9 sa carri\u00e8re au c\u00e9l\u00e8bre Sadler\u2019s Wells Theatre de Londres (1980-1984) en tant que g\u00e9rant \u00e0 la fois du th\u00e9\u00e2tre et de la compagnie.<\/span><\/p>\n<p style=\"text-align: left;\"><span style=\"font-size: 14px;\">Afin de souligner ses nombreux succ\u00e8s au sein du milieu musical, Freud a \u00e9t\u00e9 nomm\u00e9 Officer of the Order of the British Empire (OBE) en 2006 par la reine Elisabeth II lors des c\u00e9l\u00e9brations relatives au 80e anniversaire de la souveraine, et a \u00e9t\u00e9 consacr\u00e9 membre honoraire de la Cardiff University et du Royal Welsh College of Music and Drama.<\/span><\/p>\n<p style=\"text-align: left;\"><span style=\"font-size: 14px;\">Freud est n\u00e9 \u00e0 Londres. Ses parents, originaires de la Hongrie, se sont install\u00e9s en Grande-Bretagne \u00e0 titre de r\u00e9fugi\u00e9s &#8211; son p\u00e8re en 1939 et sa m\u00e8re apr\u00e8s avoir surv\u00e9cu \u00e0 Auschwitz en 1947. Freud a gradu\u00e9 avec mention de l\u2019University of London King\u2019s College en 1978, o\u00f9 il a obtenu un dipl\u00f4me en droit. Bien qu\u2019il soit devenu avocat en 1979, il a plut\u00f4t choisi de suivre durant toute sa carri\u00e8re sa passion pour l\u2019op\u00e9ra.<\/span><\/p>\n<p style=\"text-align: left;\">\u00a0<\/p>\n<p style=\"text-align: left;\"><a href=\"https:\/\/www.jedonneenligne.org\/cmim\/25PARRAIN\/\" target=\"_blank\" rel=\"noopener\"><img loading=\"lazy\" decoding=\"async\" class=\"wp-image-37201 alignnone\" style=\"text-align: left;\" src=\"\/wp-content\/uploads\/2025\/01\/Voix2025_parrainage-sponsorship_fr_400x168.png\" alt=\"\" width=\"200\" height=\"84\" \/><\/a> <br \/><span style=\"font-size: 14px;\"><br \/>La pr\u00e9sence \u00e0 Montr\u00e9al de <strong>Anthony Freud<\/strong>\u00a0est g\u00e9n\u00e9reusement parrain\u00e9e par <strong><span style=\"color: #ff0000;\">John Farrell et <\/span><\/strong><strong><span style=\"color: #ff0000;\">Fran\u00e7ois Leclair<\/span><\/strong>.<\/span><\/p>\n<p style=\"text-align: center;\">\n<p style=\"text-align: center;\"><a href=\"https:\/\/www.ritzcarlton.com\/fr\/hotels\/yulrm-the-ritz-carlton-montreal\/overview\/\"><img loading=\"lazy\" decoding=\"async\" class=\" wp-image-33226 aligncenter\" src=\"\/wp-content\/uploads\/2023\/10\/Ritz-Carlton_Montreal_Logo.svg_.png\" alt=\"\" width=\"140\" height=\"103\" \/><\/a><\/p>\n<p style=\"text-align: center;\">Le jury de Voix 2025 est h\u00e9berg\u00e9 au Ritz-Carlton \u2013 Montr\u00e9al<\/p>\n<p>&nbsp;<\/p>\n<p style=\"text-align: center;\"><a class=\"maxbutton-158 maxbutton maxbutton-voix-2025-fr\" href=\"https:\/\/concoursmontreal.ca\/fr\/voix-2025\/\"><span class='mb-text'>Voix 2025<\/span><\/a><\/p>\n<p style=\"text-align: center;\"><a class=\"maxbutton-141 maxbutton maxbutton-billets-et-forfaits\" href=\"https:\/\/www.concoursmontreal.ca\/fr\/violon-2026\/billetterie\/\"><span class='mb-text'>BILLETS ET FORFAITS<\/span><\/a><\/p>\n<p style=\"text-align: center;\"><a class=\"maxbutton-74 maxbutton maxbutton-donnez-au-concours\" href=\"https:\/\/www.concoursmontreal.ca\/fr\/appuyez\/faire-un-don\/\"><span class='mb-text'>DONNEZ AU CONCOURS<\/span><\/a><\/p>\n<p style=\"text-align: center;\">\u00a0<\/p>\n","protected":false},"excerpt":{"rendered":"<p>Anthony Freud a \u00e9t\u00e9 directeur g\u00e9n\u00e9ral, pr\u00e9sident et chef de la direction du Lyric Opera of Chicago pendant treize ans, avant de prendre sa retraite en juillet 2024. En plus de g\u00e9rer les op\u00e9rations financi\u00e8res et artistiques de la compagnie, il a supervis\u00e9 des travaux de planification strat\u00e9gique et de restructuration de l&rsquo;entreprise, et a [&hellip;]<\/p>\n","protected":false},"featured_media":35402,"template":"","class_list":["post-35377","cmim-jury","type-cmim-jury","status-publish","has-post-thumbnail","hentry"],"acf":{"cmim_jury_photo_credits":"","cmim_jury_role":"","cmim_jury_country":""},"featured_media_src_url":"\/wp-content\/uploads\/2024\/08\/Freud-Anthony.png","_links":{"self":[{"href":"https:\/\/concoursmontreal.ca\/fr\/wp-json\/wp\/v2\/cmim-jury\/35377","targetHints":{"allow":["GET"]}}],"collection":[{"href":"https:\/\/concoursmontreal.ca\/fr\/wp-json\/wp\/v2\/cmim-jury"}],"about":[{"href":"https:\/\/concoursmontreal.ca\/fr\/wp-json\/wp\/v2\/types\/cmim-jury"}],"wp:featuredmedia":[{"embeddable":true,"href":"https:\/\/concoursmontreal.ca\/fr\/wp-json\/wp\/v2\/media\/35402"}],"wp:attachment":[{"href":"https:\/\/concoursmontreal.ca\/fr\/wp-json\/wp\/v2\/media?parent=35377"}],"curies":[{"name":"wp","href":"https:\/\/api.w.org\/{rel}","templated":true}]}}

<p style="text-align: left;"><a class="maxbutton-158 maxbutton maxbutton-voix-2025-fr" href="https://concoursmontreal.ca/fr/voix-2025/"><span class='mb-text'>Voix 2025</span></a></p>
<p style="text-align: left;"><span style="font-size: 14px;">Anthony Freud a été directeur général, président et chef de la direction du Lyric Opera of Chicago pendant treize ans, avant de prendre sa retraite en juillet 2024. En plus de gérer les opérations financières et artistiques de la compagnie, il a supervisé des travaux de planification stratégique et de restructuration de l&rsquo;entreprise, et a développé une initiative novatrice d’engagement communautaire et d’apprentissage en concevant le projet du Lyric Unlimited. Durant ses nombreuses années à la tête de la direction de l’institution, il a également forgé d’importantes nouvelles relations avec une grande variété d’organismes culturels et communautaires.</span></p>
<p style="text-align: left;"><span style="font-size: 14px;">Anthony Freud est connu sur la scène internationale pour ses travaux en tant que directeur général du Lyric Opera of Chicago, et avant cela au Houston Grand Opera (2006-2011), ainsi qu’au Welsh National Opera (1994-2005). Il est reconnu au sein des trois organismes pour ses importantes initiatives artistiques, pour avoir renforcé et amélioré leur modèle d&rsquo;affaires, de même que pour son engagement communautaire visionnaire, qui se traduit notamment par des programmes d&rsquo;apprentissage qui ont atteint un public diversifié.</span></p>
<p style="text-align: left;"><span style="font-size: 14px;">Freud est la seule personne à avoir agi à titre de président à la fois pour Opera Canada et Opera Europa; il est d’ailleurs membre émérite du conseil d’Opera America. Il a présidé le jury de la BBC Cardiff Singer of the World Competition (1995-2005), et a siégé sur le jury de diverses compétitions internationales de chant, notamment Operalia, Neue Stimmen, l’International Hans Gabor Belvedere Singing Competition et la Tenor Viñas Competition. Il a également été membre du conseil du National Opera Studio de Londres (1994-2005).</span></p>
<p style="text-align: left;"><span style="font-size: 14px;" data-contrast="none">De 2016 à 2023, en partenariat avec la professeure Martha Nussbaum, Freud a enseigné « Opera as Idea and as Performance » à l’Université de Chicago. Il a également agi à titre de producteur exécutif pour la compagnie Philips Classics (1992-1994), où il a dirigé les projets d’enregistrements pour certains des artistes les plus reconnus du milieu classique. Freud a débuté sa carrière au célèbre Sadler’s Wells Theatre de Londres (1980-1984) en tant que gérant à la fois du théâtre et de la compagnie.</span></p>
<p style="text-align: left;"><span style="font-size: 14px;">Afin de souligner ses nombreux succès au sein du milieu musical, Freud a été nommé Officer of the Order of the British Empire (OBE) en 2006 par la reine Elisabeth II lors des célébrations relatives au 80e anniversaire de la souveraine, et a été consacré membre honoraire de la Cardiff University et du Royal Welsh College of Music and Drama.</span></p>
<p style="text-align: left;"><span style="font-size: 14px;">Freud est né à Londres. Ses parents, originaires de la Hongrie, se sont installés en Grande-Bretagne à titre de réfugiés &#8211; son père en 1939 et sa mère après avoir survécu à Auschwitz en 1947. Freud a gradué avec mention de l’University of London King’s College en 1978, où il a obtenu un diplôme en droit. Bien qu’il soit devenu avocat en 1979, il a plutôt choisi de suivre durant toute sa carrière sa passion pour l’opéra.</span></p>
<p style="text-align: left;"> </p>
<p style="text-align: left;"><a href="https://www.jedonneenligne.org/cmim/25PARRAIN/" target="_blank" rel="noopener"><img loading="lazy" decoding="async" class="wp-image-37201 alignnone" style="text-align: left;" src="/wp-content/uploads/2025/01/Voix2025_parrainage-sponsorship_fr_400x168.png" alt="" width="200" height="84" /></a> <br /><span style="font-size: 14px;"><br />La présence à Montréal de <strong>Anthony Freud</strong> est généreusement parrainée par <strong><span style="color: #ff0000;">John Farrell et </span></strong><strong><span style="color: #ff0000;">François Leclair</span></strong>.</span></p>
<p style="text-align: center;">
<p style="text-align: center;"><a href="https://www.ritzcarlton.com/fr/hotels/yulrm-the-ritz-carlton-montreal/overview/"><img loading="lazy" decoding="async" class=" wp-image-33226 aligncenter" src="/wp-content/uploads/2023/10/Ritz-Carlton_Montreal_Logo.svg_.png" alt="" width="140" height="103" /></a></p>
<p style="text-align: center;">Le jury de Voix 2025 est hébergé au Ritz-Carlton – Montréal</p>
<p>&nbsp;</p>
<p style="text-align: center;"><a class="maxbutton-158 maxbutton maxbutton-voix-2025-fr" href="https://concoursmontreal.ca/fr/voix-2025/"><span class='mb-text'>Voix 2025</span></a></p>
<p style="text-align: center;"><a class="maxbutton-141 maxbutton maxbutton-billets-et-forfaits" href="https://www.concoursmontreal.ca/fr/violon-2026/billetterie/"><span class='mb-text'>BILLETS ET FORFAITS</span></a></p>
<p style="text-align: center;"><a class="maxbutton-74 maxbutton maxbutton-donnez-au-concours" href="https://www.concoursmontreal.ca/fr/appuyez/faire-un-don/"><span class='mb-text'>DONNEZ AU CONCOURS</span></a></p>
<p style="text-align: center;"> </p>

<p>Anthony Freud a été directeur général, président et chef de la direction du Lyric Opera of Chicago pendant treize ans, avant de prendre sa retraite en juillet 2024. En plus de gérer les opérations financières et artistiques de la compagnie, il a supervisé des travaux de planification stratégique et de restructuration de l&rsquo;entreprise, et a [&hellip;]</p>
