{"id":8145,"date":"2018-03-02T15:18:31","date_gmt":"2018-03-02T15:18:31","guid":{"rendered":"https:\/\/concoursmontreal.ca\/?post_type=cmim-competitors&#038;p=8145"},"modified":"2021-02-01T02:59:50","modified_gmt":"2021-02-01T02:59:50","slug":"cecile-muhire","status":"publish","type":"cmim-competitors","link":"https:\/\/concoursmontreal.ca\/fr\/concurrents\/cecile-muhire\/","title":{"rendered":"C\u00e9cile Muhire"},"content":{"rendered":"<h2 style=\"text-align: left;\">\u00c9dition Voix 2018 &#8211; Volet ARIA<\/h2>\n<p style=\"text-align: left;\"><a class=\"maxbutton-37 maxbutton maxbutton-chant-2018\" href=\"https:\/\/www.concoursmontreal.ca\/fr\/archives\/chant-2018\/\"><span class='mb-text'>Chant 2018<\/span><\/a><\/p>\n<p>&nbsp;<\/p>\n<h2 style=\"text-align: left;\">soprano<\/h2>\n<p style=\"text-align: left;\">Biographie 2018 : Dipl\u00f4m\u00e9e du Conservatoire de musique de Montr\u00e9al, C\u00e9cile Muhire poursuit sa formation aupr\u00e8s de la soprano Lyne Fortin et de la pianiste Esther Gonthier. Boursi\u00e8re de la fondation Jacqueline Desmarais et laur\u00e9ate du 2<sup>e<\/sup> Prix de Ottawa Choral Society New Discoveries&rsquo;, elle fait ses d\u00e9buts \u00e0 l\u2019Op\u00e9ra de Montr\u00e9al dans le r\u00f4le de la Strawberry Woman (<em>Porgy and Bess<\/em>), pour ensuite entamer deux ann\u00e9es cons\u00e9cutives comme\u00a0stagiaire \u00e0 l&rsquo;Atelier lyrique de l&rsquo;Op\u00e9ra de Montr\u00e9al.<\/p>\n<p style=\"text-align: left;\">Parmi ses nombreuses prestations sc\u00e9niques figurent sa collaboration avec Julien Proulx et l\u2019Orchestre symphonique de Drummondville, o\u00f9 elle interpr\u00e9tait des m\u00e9lodies de Satie et Poulenc, sans compter le r\u00f4le de Lisb\u00e9 (<em>Z\u00e9mire et Azor<\/em>), sous la baguette du chef associ\u00e9 des Violons du Roy, Mathieu Lussier, mis en sc\u00e8ne par le cin\u00e9aste qu\u00e9b\u00e9cois Denys Arcand.<\/p>\n<p style=\"text-align: left;\">R\u00e9cemment, C\u00e9cile a interpr\u00e9t\u00e9 le r\u00f4le de Zerlina (<em>Don Giovanni<\/em>), un op\u00e9ra des Jeunesses musicales Canada, en co-production avec l\u2019Op\u00e9ra de Qu\u00e9bec. Prochainement, elle incarnera Gretel dans un spectacle jeunesse de sa cr\u00e9ation (<em>Op\u00e9ra-Bonbon: les aventures gourmandes d&rsquo;H\u00e4nsel et Gretel<\/em>), figurant parmi la programmation du Festival d\u2019Op\u00e9ra de Qu\u00e9bec 2018.<\/p>\n<p style=\"text-align: left;\"><strong>C\u00e9cile Muhire est g\u00e9n\u00e9reusement parrain\u00e9e par Claire et Laurent Beaudoin.\u00a0<\/strong><\/p>\n<p style=\"text-align: left;\"><span style=\"color: #ff0000;\"><strong>ARIA<\/strong><\/span><\/p>\n<p style=\"text-align: left;\"><strong>PREMI\u00c8RE \u00c9PREUVE<\/strong><\/p>\n<p style=\"text-align: left;\"><strong style=\"font-style: normal; font-size: 13.0093px; text-align: left;\">Wolfgang Amadeus Mozart<br \/><\/strong><span style=\"font-size: 13.0093px;\">Solitudini amiche\u2026 Zeffiretti lusinghier (<\/span><em style=\"font-weight: 400; font-size: 13.0093px;\">Idomeneo<\/em><span style=\"font-size: 13.0093px;\">)<\/span><\/p>\n<p style=\"text-align: left;\"><strong style=\"font-style: normal; font-size: 13.0093px; text-align: left;\">Alban Berg<\/strong><br style=\"font-size: 13.0093px; text-align: left;\" \/><em style=\"font-weight: 400; font-size: 13.0093px; text-align: left;\">Sieben fr\u00fche Lieder<\/em><br style=\"font-size: 13.0093px; text-align: left;\" \/><span style=\"font-size: 13.0093px; text-align: left;\">\u00a0 \u00a0 \u00a0Die Nachtigall<\/span><br style=\"font-size: 13.0093px; text-align: left;\" \/><span style=\"font-size: 13.0093px; text-align: left;\">\u00a0 \u00a0 \u00a0Im Zimmer<\/span><\/p>\n<p style=\"text-align: left;\"><strong>Gioachino Rossini<\/strong><br \/>En proie \u00e0 la tristesse (<em>Le comte Ory<\/em>)<\/p>\n<p style=\"text-align: center;\"><strong>Pianiste:<\/strong> Esther Gonthier<\/p>\n<p style=\"text-align: left;\"><strong><br \/>DEMI-FINALE<\/strong><\/p>\n<p style=\"text-align: left;\"><strong>Wolfgang Amadeus Mozart<\/strong><br \/>Ma se colpa&#8230; Batti, batti, o bel Masetto (<em>Don Giovanni<\/em>)<\/p>\n<p style=\"text-align: left;\"><strong>George Frideric Handel<\/strong><br \/>Rejoice Greatly, O Daughter Of Zion (<em>Messiah<\/em>)<\/p>\n<p><strong>Maurice Ravel<\/strong><br \/><em>Cinq M\u00e9lodies populaires grecques\u00a0\u00a0\u00a0\u00a0\u00a0\u00a0<\/em><br \/>\u00a0 \u00a0 \u00a0Chanson de la mari\u00e9e\u00a0<br \/>\u00a0 \u00a0 \u00a0L\u00e0-bas, vers l\u2019\u00e9glise<br \/>\u00a0 \u00a0 \u00a0Quel galant m\u2019est comparable<br \/>\u00a0 \u00a0 \u00a0Chanson des cueilleuses de lentisques<br \/>\u00a0 \u00a0 \u00a0Tout gai<\/p>\n<p style=\"text-align: left;\"><strong><br \/>FINALE<\/strong><\/p>\n<p style=\"text-align: left;\"><strong>Gioachino Rossini<\/strong><br \/>Prendi, per me sei libero\u00a0(<em>L&rsquo;elisir d&rsquo;amore<\/em>)<\/p>\n<p><strong>Gustav Mahler<\/strong> <br \/>Symphonie no. 4\u00a0 \u00a0 \u00a0 \u00a0 \u00a0 \u00a0 \u00a0 \u00a0 \u00a0 \u00a0 \u00a0 \u00a0 \u00a0 \u00a0 \u00a0 \u00a0 \u00a0 \u00a0 \u00a0 \u00a0 \u00a0 \u00a0 \u00a0 \u00a0 \u00a0 \u00a0 \u00a0 \u00a0 \u00a0 \u00a0 \u00a0 \u00a0 \u00a0 \u00a0 \u00a0 \u00a0 \u00a0 \u00a0 \u00a0 \u00a0 \u00a0 \u00a0 \u00a0 \u00a0 \u00a0 \u00a0 \u00a0 \u00a0 \u00a0 \u00a0 \u00a0 \u00a0 \u00a0 \u00a0 \u00a0 \u00a0 \u00a0 \u00a0 \u00a0 \u00a0 \u00a0 \u00a0 \u00a0 \u00a0 \u00a0 \u00a0 \u00a0 \u00a0 \u00a0 \u00a0 \u00a0 \u00a0 \u00a0 \u00a0 \u00a0 \u00a0 \u00a0 \u00a0 \u00a0 \u00a0 \u00a0 \u00a0 \u00a0 \u00a0 \u00a0 \u00a0 \u00a0 \u00a0 \u00a0 \u00a0 \u00a0 \u00a0 \u00a0 \u00a0 \u00a0 \u00a0 \u00a0 \u00a0 \u00a0 \u00a0 \u00a0 \u00a0 \u00a0 \u00a0 \u00a0 \u00a0 \u00a0 \u00a0 \u00a0 \u00a0 \u00a0 \u00a0 \u00a0 \u00a0 \u00a0 \u00a0 \u00a0 \u00a0 \u00a0 \u00a0 \u00a0 \u00a0 \u00a0 \u00a0 \u00a0 \u00a0 \u00a0 \u00a0 \u00a0 \u00a0 \u00a0<br \/>\u00a0 \u00a0 \u00a0 Sehr behaglich: \u00ab\u00a0Wir genie\u00dfen die\u00a0<span style=\"font-size: 13.0093px; text-align: center;\">himmlischen Freuden\u00a0\u00bb<\/span><\/p>\n<p style=\"text-align: left;\"><strong>Wolfgang Amadeus Mozart\u00a0<\/strong>\u00a0\u00a0\u00a0\u00a0\u00a0 <br \/><span style=\"font-size: 13.0093px;\">Alleluja (<\/span><em>Exsultate Jubilate K. 165<\/em>)\u00a0 \u00a0 \u00a0 \u00a0 \u00a0 \u00a0<\/p>\n","protected":false},"excerpt":{"rendered":"<p>\u00c9dition Voix 2018 &#8211; Volet ARIA &nbsp; soprano Biographie 2018 : Dipl\u00f4m\u00e9e du Conservatoire de musique de Montr\u00e9al, C\u00e9cile Muhire poursuit sa formation aupr\u00e8s de la soprano Lyne Fortin et de la pianiste Esther Gonthier. Boursi\u00e8re de la fondation Jacqueline Desmarais et laur\u00e9ate du 2e Prix de Ottawa Choral Society New Discoveries&rsquo;, elle fait ses [&hellip;]<\/p>\n","protected":false},"featured_media":8143,"template":"","class_list":["post-8145","cmim-competitors","type-cmim-competitors","status-publish","has-post-thumbnail","hentry"],"acf":{"cmim_competitors_photo_credits":"Annie Ethier","cmim_competitors_date_of_birth":"1990-11-05","cmim_competitors_country":"Canada","cmim_competitors_range":"Voix 2018 "},"featured_media_src_url":"\/wp-content\/uploads\/2018\/05\/CMIM-2018-Cecile-Muhire_cr\u00e9dit-photo-Annie-Ethier-e1527541633933.jpg","_links":{"self":[{"href":"https:\/\/concoursmontreal.ca\/fr\/wp-json\/wp\/v2\/cmim-competitors\/8145","targetHints":{"allow":["GET"]}}],"collection":[{"href":"https:\/\/concoursmontreal.ca\/fr\/wp-json\/wp\/v2\/cmim-competitors"}],"about":[{"href":"https:\/\/concoursmontreal.ca\/fr\/wp-json\/wp\/v2\/types\/cmim-competitors"}],"version-history":[{"count":4,"href":"https:\/\/concoursmontreal.ca\/fr\/wp-json\/wp\/v2\/cmim-competitors\/8145\/revisions"}],"predecessor-version":[{"id":17035,"href":"https:\/\/concoursmontreal.ca\/fr\/wp-json\/wp\/v2\/cmim-competitors\/8145\/revisions\/17035"}],"wp:featuredmedia":[{"embeddable":true,"href":"https:\/\/concoursmontreal.ca\/fr\/wp-json\/wp\/v2\/media\/8143"}],"wp:attachment":[{"href":"https:\/\/concoursmontreal.ca\/fr\/wp-json\/wp\/v2\/media?parent=8145"}],"curies":[{"name":"wp","href":"https:\/\/api.w.org\/{rel}","templated":true}]}}

Cécile Muhire

<h2 style="text-align: left;">Édition Voix 2018 &#8211; Volet ARIA</h2>
<p style="text-align: left;"><a class="maxbutton-37 maxbutton maxbutton-chant-2018" href="https://www.concoursmontreal.ca/fr/archives/chant-2018/"><span class='mb-text'>Chant 2018</span></a></p>
<p>&nbsp;</p>
<h2 style="text-align: left;">soprano</h2>
<p style="text-align: left;">Biographie 2018 : Diplômée du Conservatoire de musique de Montréal, Cécile Muhire poursuit sa formation auprès de la soprano Lyne Fortin et de la pianiste Esther Gonthier. Boursière de la fondation Jacqueline Desmarais et lauréate du 2<sup>e</sup> Prix de Ottawa Choral Society New Discoveries&rsquo;, elle fait ses débuts à l’Opéra de Montréal dans le rôle de la Strawberry Woman (<em>Porgy and Bess</em>), pour ensuite entamer deux années consécutives comme stagiaire à l&rsquo;Atelier lyrique de l&rsquo;Opéra de Montréal.</p>
<p style="text-align: left;">Parmi ses nombreuses prestations scéniques figurent sa collaboration avec Julien Proulx et l’Orchestre symphonique de Drummondville, où elle interprétait des mélodies de Satie et Poulenc, sans compter le rôle de Lisbé (<em>Zémire et Azor</em>), sous la baguette du chef associé des Violons du Roy, Mathieu Lussier, mis en scène par le cinéaste québécois Denys Arcand.</p>
<p style="text-align: left;">Récemment, Cécile a interprété le rôle de Zerlina (<em>Don Giovanni</em>), un opéra des Jeunesses musicales Canada, en co-production avec l’Opéra de Québec. Prochainement, elle incarnera Gretel dans un spectacle jeunesse de sa création (<em>Opéra-Bonbon: les aventures gourmandes d&rsquo;Hänsel et Gretel</em>), figurant parmi la programmation du Festival d’Opéra de Québec 2018.</p>
<p style="text-align: left;"><strong>Cécile Muhire est généreusement parrainée par Claire et Laurent Beaudoin. </strong></p>
<p style="text-align: left;"><span style="color: #ff0000;"><strong>ARIA</strong></span></p>
<p style="text-align: left;"><strong>PREMIÈRE ÉPREUVE</strong></p>
<p style="text-align: left;"><strong style="font-style: normal; font-size: 13.0093px; text-align: left;">Wolfgang Amadeus Mozart<br /></strong><span style="font-size: 13.0093px;">Solitudini amiche… Zeffiretti lusinghier (</span><em style="font-weight: 400; font-size: 13.0093px;">Idomeneo</em><span style="font-size: 13.0093px;">)</span></p>
<p style="text-align: left;"><strong style="font-style: normal; font-size: 13.0093px; text-align: left;">Alban Berg</strong><br style="font-size: 13.0093px; text-align: left;" /><em style="font-weight: 400; font-size: 13.0093px; text-align: left;">Sieben frühe Lieder</em><br style="font-size: 13.0093px; text-align: left;" /><span style="font-size: 13.0093px; text-align: left;">     Die Nachtigall</span><br style="font-size: 13.0093px; text-align: left;" /><span style="font-size: 13.0093px; text-align: left;">     Im Zimmer</span></p>
<p style="text-align: left;"><strong>Gioachino Rossini</strong><br />En proie à la tristesse (<em>Le comte Ory</em>)</p>
<p style="text-align: center;"><strong>Pianiste:</strong> Esther Gonthier</p>
<p style="text-align: left;"><strong><br />DEMI-FINALE</strong></p>
<p style="text-align: left;"><strong>Wolfgang Amadeus Mozart</strong><br />Ma se colpa&#8230; Batti, batti, o bel Masetto (<em>Don Giovanni</em>)</p>
<p style="text-align: left;"><strong>George Frideric Handel</strong><br />Rejoice Greatly, O Daughter Of Zion (<em>Messiah</em>)</p>
<p><strong>Maurice Ravel</strong><br /><em>Cinq Mélodies populaires grecques      </em><br />     Chanson de la mariée <br />     Là-bas, vers l’église<br />     Quel galant m’est comparable<br />     Chanson des cueilleuses de lentisques<br />     Tout gai</p>
<p style="text-align: left;"><strong><br />FINALE</strong></p>
<p style="text-align: left;"><strong>Gioachino Rossini</strong><br />Prendi, per me sei libero (<em>L&rsquo;elisir d&rsquo;amore</em>)</p>
<p><strong>Gustav Mahler</strong> <br />Symphonie no. 4                                                                                                                                                                                                                                                                     <br />      Sehr behaglich: « Wir genießen die <span style="font-size: 13.0093px; text-align: center;">himmlischen Freuden »</span></p>
<p style="text-align: left;"><strong>Wolfgang Amadeus Mozart </strong>      <br /><span style="font-size: 13.0093px;">Alleluja (</span><em>Exsultate Jubilate K. 165</em>)           </p>

<p>Édition Voix 2018 &#8211; Volet ARIA &nbsp; soprano Biographie 2018 : Diplômée du Conservatoire de musique de Montréal, Cécile Muhire poursuit sa formation auprès de la soprano Lyne Fortin et de la pianiste Esther Gonthier. Boursière de la fondation Jacqueline Desmarais et lauréate du 2e Prix de Ottawa Choral Society New Discoveries&rsquo;, elle fait ses [&hellip;]</p>

/wp-content/uploads/2018/05/CMIM-2018-Cecile-Muhire_crédit-photo-Annie-Ethier-e1527541633933.jpg
