{"id":6928,"date":"2018-03-02T15:03:41","date_gmt":"2018-03-02T15:03:41","guid":{"rendered":"https:\/\/concoursmontreal.ca\/?post_type=cmim-competitors&#038;p=6928"},"modified":"2021-02-01T03:16:32","modified_gmt":"2021-02-01T03:16:32","slug":"jongsoo-yang","status":"publish","type":"cmim-competitors","link":"https:\/\/concoursmontreal.ca\/fr\/concurrents\/jongsoo-yang\/","title":{"rendered":"Jongsoo Yang"},"content":{"rendered":"<h2 style=\"text-align: left;\">\u00c9dition Voix 2018 &#8211; VOLET ARIA<\/h2>\n<p style=\"text-align: left;\"><a class=\"maxbutton-37 maxbutton maxbutton-chant-2018\" href=\"https:\/\/www.concoursmontreal.ca\/fr\/archives\/chant-2018\/\"><span class='mb-text'>Chant 2018<\/span><\/a>\u00a0<\/p>\n<h2 style=\"text-align: left;\">\u00a0<\/h2>\n<h2 style=\"text-align: left;\">Basse<\/h2>\n<p style=\"text-align: left;\">Biographie 20158 : Depuis 2016, Jongsoo Yang \u00e9tudie au <span style=\"font-size: 13.0093px;\">Hochschule f\u00fcr Musik \u00e0 Fribourg pour l\u2019obtention de son Konzertexamen sous la tutelle de Reginaldo Pinheiro. Il\u00a0<\/span><span style=\"font-size: 13.0093px;\">a obtenu son baccalaur\u00e9at et sa ma\u00eetrise en musique de l\u2019Universit\u00e4t der K\u00fcnste \u00e0 Berlin sous la tutelle de Peter Maus. <\/span><\/p>\n<p style=\"text-align: left;\"><span style=\"font-size: 13.0093px;\">Depuis 2017, Jongsoo est membre de l\u2019ensemble du Theater Freiburg Opernstudio. Il a chant\u00e9 en tant que soliste dans de nombreux oratorios connus dont la <em>Passion selon Saint Mathieu<\/em> et le <em>Weihnachtsoratorium<\/em> de Bach, la <em>Messe en do mineur<\/em> et le <em>Requiem<\/em> de Mozart et <em>Die Sch\u00f6pfung<\/em> de Haydn. Jongsoo d\u00e9tient une bourse du Paul Hindemith Gesellschaft\u00a0et Oscar und Vera Ritter-Stiftung.\u00a0<\/span><\/p>\n<p style=\"text-align: left;\"><strong>Jongsoo Yang est g\u00e9n\u00e9reusement parrain\u00e9 par ABZAC Canada inc.<\/strong><\/p>\n<hr \/>\n<p style=\"text-align: left;\"><span style=\"color: #ff0000;\"><strong>ARIA<\/strong><\/span><\/p>\n<p style=\"text-align: left;\"><strong>PREMI\u00c8RE \u00c9PREUVE<\/strong><\/p>\n<p style=\"text-align: left;\"><strong>Wolfgang Amadeus Mozart<\/strong><br \/>La vendetta, oh, la vendetta (<em>Le nozze di Figaro<\/em>)<\/p>\n<p style=\"text-align: left;\"><strong>Joseph Haydn<\/strong><br \/>Nun scheint in vollem Glanze der Himmel (<em>Die Sch\u00f6pfung<\/em>)<\/p>\n<p style=\"text-align: left;\"><strong>Ludwig van Beethoven<\/strong><br \/>Hat man nicht auch Gold beineben (<em>Fidelio<\/em>)<\/p>\n<p style=\"text-align: left;\"><strong style=\"font-style: normal; text-align: center;\">Pianiste officiel: <\/strong>Esther Gonthier<\/p>\n<p style=\"text-align: left;\"><strong><br \/>DEMI-FINALE<\/strong><\/p>\n<p style=\"text-align: left;\"><strong>Wolfgang Amadeus Mozart<\/strong><br \/>Non pi\u00f9 andrai\u00a0(<em>Le nozze di Figaro<\/em>)<\/p>\n<p style=\"text-align: left;\"><strong>Gioachino Rossini<\/strong><br \/>La calunnia \u00e8 un venticello (<em>Il barbiere di Siviglia<\/em>)<\/p>\n<p style=\"text-align: left;\"><strong>George Frideric Handel<\/strong><br \/>The people that walked in darkness (<em>Messiah<\/em>)<\/p>\n<p style=\"text-align: left;\"><strong>\u00a0<\/strong><\/p>\n<p style=\"text-align: left;\"><strong>FINALE<\/strong><\/p>\n<p style=\"text-align: left;\"><strong>Wolfgang Amadeus Mozart<\/strong><br \/>Madamina, il catalogo \u00e8 questo (<em>Don Giovanni<\/em>)<\/p>\n<p style=\"text-align: left;\"><strong>Joseph Haydn<\/strong><br \/>Nun scheint in vollem Glanze der Himmel (<em>Die Sch\u00f6pfung<\/em>)<\/p>\n<p style=\"text-align: left;\"><strong>Giacomo Meyerbeer<\/strong><br \/>Volontiers, un vieil air huguenot\u2026 Pour les couvents, c&rsquo;est fini (<em>Les Huguenots<\/em>)<\/p>\n<p>&nbsp;<\/p>\n","protected":false},"excerpt":{"rendered":"<p>\u00c9dition Voix 2018 &#8211; VOLET ARIA \u00a0 \u00a0 Basse Biographie 20158 : Depuis 2016, Jongsoo Yang \u00e9tudie au Hochschule f\u00fcr Musik \u00e0 Fribourg pour l\u2019obtention de son Konzertexamen sous la tutelle de Reginaldo Pinheiro. Il\u00a0a obtenu son baccalaur\u00e9at et sa ma\u00eetrise en musique de l\u2019Universit\u00e4t der K\u00fcnste \u00e0 Berlin sous la tutelle de Peter Maus. [&hellip;]<\/p>\n","protected":false},"featured_media":6682,"template":"","class_list":["post-6928","cmim-competitors","type-cmim-competitors","status-publish","has-post-thumbnail","hentry"],"acf":{"cmim_competitors_photo_credits":"","cmim_competitors_date_of_birth":"1989-08-28","cmim_competitors_country":"Cor\u00e9e du Sud","cmim_competitors_range":"Voix 2018"},"featured_media_src_url":"\/wp-content\/uploads\/2018\/02\/yang-jongsoo-267_photo-1-300x300.jpg","_links":{"self":[{"href":"https:\/\/concoursmontreal.ca\/fr\/wp-json\/wp\/v2\/cmim-competitors\/6928","targetHints":{"allow":["GET"]}}],"collection":[{"href":"https:\/\/concoursmontreal.ca\/fr\/wp-json\/wp\/v2\/cmim-competitors"}],"about":[{"href":"https:\/\/concoursmontreal.ca\/fr\/wp-json\/wp\/v2\/types\/cmim-competitors"}],"version-history":[{"count":5,"href":"https:\/\/concoursmontreal.ca\/fr\/wp-json\/wp\/v2\/cmim-competitors\/6928\/revisions"}],"predecessor-version":[{"id":17068,"href":"https:\/\/concoursmontreal.ca\/fr\/wp-json\/wp\/v2\/cmim-competitors\/6928\/revisions\/17068"}],"wp:featuredmedia":[{"embeddable":true,"href":"https:\/\/concoursmontreal.ca\/fr\/wp-json\/wp\/v2\/media\/6682"}],"wp:attachment":[{"href":"https:\/\/concoursmontreal.ca\/fr\/wp-json\/wp\/v2\/media?parent=6928"}],"curies":[{"name":"wp","href":"https:\/\/api.w.org\/{rel}","templated":true}]}}

<h2 style="text-align: left;">Édition Voix 2018 &#8211; VOLET ARIA</h2>
<p style="text-align: left;"><a class="maxbutton-37 maxbutton maxbutton-chant-2018" href="https://www.concoursmontreal.ca/fr/archives/chant-2018/"><span class='mb-text'>Chant 2018</span></a> </p>
<h2 style="text-align: left;"> </h2>
<h2 style="text-align: left;">Basse</h2>
<p style="text-align: left;">Biographie 20158 : Depuis 2016, Jongsoo Yang étudie au <span style="font-size: 13.0093px;">Hochschule für Musik à Fribourg pour l’obtention de son Konzertexamen sous la tutelle de Reginaldo Pinheiro. Il </span><span style="font-size: 13.0093px;">a obtenu son baccalauréat et sa maîtrise en musique de l’Universität der Künste à Berlin sous la tutelle de Peter Maus. </span></p>
<p style="text-align: left;"><span style="font-size: 13.0093px;">Depuis 2017, Jongsoo est membre de l’ensemble du Theater Freiburg Opernstudio. Il a chanté en tant que soliste dans de nombreux oratorios connus dont la <em>Passion selon Saint Mathieu</em> et le <em>Weihnachtsoratorium</em> de Bach, la <em>Messe en do mineur</em> et le <em>Requiem</em> de Mozart et <em>Die Schöpfung</em> de Haydn. Jongsoo détient une bourse du Paul Hindemith Gesellschaft et Oscar und Vera Ritter-Stiftung. </span></p>
<p style="text-align: left;"><strong>Jongsoo Yang est généreusement parrainé par ABZAC Canada inc.</strong></p>
<hr />
<p style="text-align: left;"><span style="color: #ff0000;"><strong>ARIA</strong></span></p>
<p style="text-align: left;"><strong>PREMIÈRE ÉPREUVE</strong></p>
<p style="text-align: left;"><strong>Wolfgang Amadeus Mozart</strong><br />La vendetta, oh, la vendetta (<em>Le nozze di Figaro</em>)</p>
<p style="text-align: left;"><strong>Joseph Haydn</strong><br />Nun scheint in vollem Glanze der Himmel (<em>Die Schöpfung</em>)</p>
<p style="text-align: left;"><strong>Ludwig van Beethoven</strong><br />Hat man nicht auch Gold beineben (<em>Fidelio</em>)</p>
<p style="text-align: left;"><strong style="font-style: normal; text-align: center;">Pianiste officiel: </strong>Esther Gonthier</p>
<p style="text-align: left;"><strong><br />DEMI-FINALE</strong></p>
<p style="text-align: left;"><strong>Wolfgang Amadeus Mozart</strong><br />Non più andrai (<em>Le nozze di Figaro</em>)</p>
<p style="text-align: left;"><strong>Gioachino Rossini</strong><br />La calunnia è un venticello (<em>Il barbiere di Siviglia</em>)</p>
<p style="text-align: left;"><strong>George Frideric Handel</strong><br />The people that walked in darkness (<em>Messiah</em>)</p>
<p style="text-align: left;"><strong> </strong></p>
<p style="text-align: left;"><strong>FINALE</strong></p>
<p style="text-align: left;"><strong>Wolfgang Amadeus Mozart</strong><br />Madamina, il catalogo è questo (<em>Don Giovanni</em>)</p>
<p style="text-align: left;"><strong>Joseph Haydn</strong><br />Nun scheint in vollem Glanze der Himmel (<em>Die Schöpfung</em>)</p>
<p style="text-align: left;"><strong>Giacomo Meyerbeer</strong><br />Volontiers, un vieil air huguenot… Pour les couvents, c&rsquo;est fini (<em>Les Huguenots</em>)</p>
<p>&nbsp;</p>

<p>Édition Voix 2018 &#8211; VOLET ARIA     Basse Biographie 20158 : Depuis 2016, Jongsoo Yang étudie au Hochschule für Musik à Fribourg pour l’obtention de son Konzertexamen sous la tutelle de Reginaldo Pinheiro. Il a obtenu son baccalauréat et sa maîtrise en musique de l’Universität der Künste à Berlin sous la tutelle de Peter Maus. [&hellip;]</p>

Corée du Sud
