{"id":6910,"date":"2018-03-02T15:14:02","date_gmt":"2018-03-02T15:14:02","guid":{"rendered":"https:\/\/concoursmontreal.ca\/?post_type=cmim-competitors&#038;p=6910"},"modified":"2022-08-31T08:48:34","modified_gmt":"2022-08-31T12:48:34","slug":"clara-osowski","status":"publish","type":"cmim-competitors","link":"https:\/\/concoursmontreal.ca\/fr\/concurrents\/clara-osowski\/","title":{"rendered":"Clara Osowski ***"},"content":{"rendered":"<h2 style=\"text-align: left;\">\u00c9dition Voix 2018 &#8211; Volet M\u00e9lodie<\/h2>\n<p style=\"text-align: left;\"><strong>Troisi\u00e8me prix Lois-Marshall et Prix du public Radio-Canada<\/strong><\/p>\n<p style=\"text-align: left;\"><a class=\"maxbutton-37 maxbutton maxbutton-chant-2018\" href=\"https:\/\/www.concoursmontreal.ca\/fr\/archives\/chant-2018\/\"><span class='mb-text'>Chant 2018<\/span><\/a>\u00a0\u00a0<\/p>\n<h2 style=\"text-align: left;\">\u00a0<\/h2>\n<h2 style=\"text-align: left;\">Mezzo-soprano<\/h2>\n<p style=\"text-align: left;\">Biographie 2018 : La mezzo-soprano Clara Osowski est une musicienne active aux \u00c9tats-Unis et en Europe. Parmi ses victoires les plus r\u00e9centes en 2017, elle a gagn\u00e9 le concours Houston Saengerbund, et elle a termin\u00e9 troisi\u00e8me au Handel Aria Competition \u00e0 Madison, au Wisconsin. En mars, Clara est devenue la premi\u00e8re Am\u00e9ricaine \u00e0 remporter un prix au concours international Das Lied institu\u00e9 par Thomas Quasthoff \u00e0 Heidelberg, en Allemagne, o\u00f9 elle a r\u00e9colt\u00e9 le deuxi\u00e8me prix. En septembre, elle a re\u00e7u le prix Richard Tauber pour la meilleure interpr\u00e9tation de lieder de Schubert au Wigmore Hall\/Kohn Foundation International Song Competition \u00e0 Londres. Elle a r\u00e9cemment donn\u00e9 des r\u00e9citals lors des s\u00e9ries de spectacles Dame Myra Hess Series \u00e0 Chicago et Schubert Club International Artist \u00e0 Saint Paul, au Minnesota.<\/p>\n<p style=\"text-align: left;\">Elle a termin\u00e9 son baccalaur\u00e9at en art musical, option chant, \u00e0 la North Dakota State University en 2008, ainsi que sa ma\u00eetrise en chant \u00e0 la University of Iowa en 2010. Elle \u00e9tudie pr\u00e9sentement le chant aupr\u00e8s d\u2019Emma Small de Minneapolis.<\/p>\n<p style=\"text-align: left;\"><strong>Clara Osowski est g\u00e9n\u00e9reusement parrain\u00e9e par Nathalie Pratte.<\/strong><\/p>\n<p style=\"text-align: left;\"><strong>Site Web<br \/><\/strong><a href=\"http:\/\/www.claraosowski.com\">www.claraosowski.com<\/a><\/p>\n<p style=\"text-align: center;\">* * *<\/p>\n<h2>VID\u00c9O<\/h2>\n<iframe loading=\"lazy\"  id=\"_ytid_41180\"  width=\"490\" height=\"276\"  data-origwidth=\"490\" data-origheight=\"276\" src=\"https:\/\/www.youtube.com\/embed\/wawII8zVaUI?enablejsapi=1&autoplay=0&cc_load_policy=0&cc_lang_pref=&iv_load_policy=1&loop=0&rel=1&fs=1&playsinline=0&autohide=2&theme=dark&color=red&controls=1&disablekb=0&\" class=\"__youtube_prefs__  no-lazyload\" title=\"YouTube player\"  allow=\"fullscreen; accelerometer; autoplay; clipboard-write; encrypted-media; gyroscope; picture-in-picture; web-share\" referrerpolicy=\"strict-origin-when-cross-origin\" allowfullscreen data-no-lazy=\"1\" data-skipgform_ajax_framebjll=\"\"><\/iframe>\n<p>&nbsp;<\/p>\n<p style=\"text-align: center;\"><strong>* * *<\/strong><\/p>\n<h2 style=\"text-align: left;\"><strong>Programme Voix 2018<\/strong><\/h2>\n<p style=\"text-align: left;\"><span style=\"color: #ff0000;\"><strong>M\u00c9LODIE<\/strong><\/span><\/p>\n<p style=\"text-align: left;\"><strong>PREMI\u00c8RE \u00c9PREUVE<\/strong><\/p>\n<p style=\"text-align: left;\"><strong>Franz Schubert<\/strong><br \/>Memnon D. 541<\/p>\n<p style=\"text-align: left;\"><strong>Francis Poulenc<\/strong><br \/>Homme au sourire tendre (<em>La Fra\u00eecheur et le Feu<\/em> FP 147)<\/p>\n<p style=\"text-align: left;\"><strong>Benjamin Britten<\/strong><br \/>Sephestia&rsquo;s Lullaby (<em>A Charm of Lullabies<\/em> op. 41)<\/p>\n<p style=\"text-align: left;\"><strong>Dominick Argento<\/strong><br \/>Parents (<em>From the Diary of Virginia Woolf<\/em>)<\/p>\n<p style=\"text-align: left;\"><strong>Franz Schubert<\/strong><br \/>Bei dir allein! D. 866 n\u00b0 2<\/p>\n<p style=\"text-align: left;\">\u00a0<\/p>\n<p style=\"text-align: left;\"><strong>DEMI-FINALE<\/strong><\/p>\n<p style=\"text-align: left;\"><strong>Franz Schubert<\/strong><br \/>Heliopolis 1 D. 753\u00a0\u00a0\u00a0\u00a0<br \/>Aufl\u00f6sung D. 807\u00a0\u00a0\u00a0\u00a0\u00a0\u00a0\u00a0<br \/>Die Sterne D. 176\u00a0\u00a0\u00a0\u00a0\u00a0\u00a0<\/p>\n<p style=\"text-align: left;\"><strong>Jean Sibelius<\/strong><br \/>Den f\u00f6rsta kyssen op. 37\u00a0n\u00b0 1<\/p>\n<p style=\"text-align: left;\"><strong>Ralph Vaughan Williams<\/strong><br \/>Tired (<em>Four Last Songs<\/em>)<\/p>\n<p style=\"text-align: left;\"><strong>Gabriel\u00a0Faur\u00e9<\/strong><br \/>Clair de lune op. 46 n\u00b0 2<\/p>\n<p style=\"text-align: left;\"><strong>Joseph Marx<\/strong><br \/>Pierrot Dandy<\/p>\n<p style=\"text-align: left;\"><strong>Francis Poulenc<\/strong><br \/>Pierrot FP 66<\/p>\n<p style=\"text-align: left;\"><strong>Virgil\u00a0Thomson<\/strong><br \/>Let&rsquo;s Take a Walk<\/p>\n<p style=\"text-align: left;\">\u00a0<\/p>\n<p style=\"text-align: left;\"><strong>FINALE<\/strong><\/p>\n<p style=\"text-align: left;\"><strong>Franz Schubert<\/strong><br \/>An Sylvia D. 891<\/p>\n<p style=\"text-align: left;\"><strong>Hector Berlioz<\/strong><br \/>La mort d&rsquo;Oph\u00e9lie H. 92A<\/p>\n<p style=\"text-align: left;\"><strong>Robert Schumann<\/strong><br \/><em>Gedichte der K\u00f6nigin Maria Stuart<\/em> op. 135\u00a0<br \/>Abschied von Frankreich<br \/>Gebet<\/p>\n<p style=\"text-align: left;\"><strong>Robert Fleming<\/strong><br \/><em>The Confession Stone (Songs of Mary)<\/em><em>\u00a0\u00a0\u00a0\u00a0\u00a0\u00a0\u00a0\u00a0\u00a0 <br \/><\/em>Bring me those needles, Martha<br \/>Everything is black<br \/>Oh, my boy Jesus<\/p>\n<p style=\"text-align: left;\"><strong>Franz Schubert<\/strong><br \/>Die junge Nonne D. 828<\/p>\n<p style=\"text-align: left;\"><strong>Virgil Thomson<\/strong><br \/>A Prayer to Saint Catherine<\/p>\n<p>&nbsp;<\/p>\n<p><strong>Pianiste officiel :<\/strong> Olivier Godin\u00a0<\/p>\n","protected":false},"excerpt":{"rendered":"<p>\u00c9dition Voix 2018 &#8211; Volet M\u00e9lodie Troisi\u00e8me prix Lois-Marshall et Prix du public Radio-Canada \u00a0\u00a0 \u00a0 Mezzo-soprano Biographie 2018 : La mezzo-soprano Clara Osowski est une musicienne active aux \u00c9tats-Unis et en Europe. Parmi ses victoires les plus r\u00e9centes en 2017, elle a gagn\u00e9 le concours Houston Saengerbund, et elle a termin\u00e9 troisi\u00e8me au Handel [&hellip;]<\/p>\n","protected":false},"featured_media":6671,"template":"","class_list":["post-6910","cmim-competitors","type-cmim-competitors","status-publish","has-post-thumbnail","hentry"],"acf":{"cmim_competitors_photo_credits":"","cmim_competitors_date_of_birth":"1986-03-02","cmim_competitors_country":"\u00c9tats-Unis","cmim_competitors_range":"Voix 2018"},"featured_media_src_url":"\/wp-content\/uploads\/2018\/02\/osowski-clara-167_photo-2-300x300.jpg","_links":{"self":[{"href":"https:\/\/concoursmontreal.ca\/fr\/wp-json\/wp\/v2\/cmim-competitors\/6910","targetHints":{"allow":["GET"]}}],"collection":[{"href":"https:\/\/concoursmontreal.ca\/fr\/wp-json\/wp\/v2\/cmim-competitors"}],"about":[{"href":"https:\/\/concoursmontreal.ca\/fr\/wp-json\/wp\/v2\/types\/cmim-competitors"}],"version-history":[{"count":5,"href":"https:\/\/concoursmontreal.ca\/fr\/wp-json\/wp\/v2\/cmim-competitors\/6910\/revisions"}],"predecessor-version":[{"id":26276,"href":"https:\/\/concoursmontreal.ca\/fr\/wp-json\/wp\/v2\/cmim-competitors\/6910\/revisions\/26276"}],"wp:featuredmedia":[{"embeddable":true,"href":"https:\/\/concoursmontreal.ca\/fr\/wp-json\/wp\/v2\/media\/6671"}],"wp:attachment":[{"href":"https:\/\/concoursmontreal.ca\/fr\/wp-json\/wp\/v2\/media?parent=6910"}],"curies":[{"name":"wp","href":"https:\/\/api.w.org\/{rel}","templated":true}]}}

<h2 style="text-align: left;">Édition Voix 2018 &#8211; Volet Mélodie</h2>
<p style="text-align: left;"><strong>Troisième prix Lois-Marshall et Prix du public Radio-Canada</strong></p>
<p style="text-align: left;"><a class="maxbutton-37 maxbutton maxbutton-chant-2018" href="https://www.concoursmontreal.ca/fr/archives/chant-2018/"><span class='mb-text'>Chant 2018</span></a>  </p>
<h2 style="text-align: left;"> </h2>
<h2 style="text-align: left;">Mezzo-soprano</h2>
<p style="text-align: left;">Biographie 2018 : La mezzo-soprano Clara Osowski est une musicienne active aux États-Unis et en Europe. Parmi ses victoires les plus récentes en 2017, elle a gagné le concours Houston Saengerbund, et elle a terminé troisième au Handel Aria Competition à Madison, au Wisconsin. En mars, Clara est devenue la première Américaine à remporter un prix au concours international Das Lied institué par Thomas Quasthoff à Heidelberg, en Allemagne, où elle a récolté le deuxième prix. En septembre, elle a reçu le prix Richard Tauber pour la meilleure interprétation de lieder de Schubert au Wigmore Hall/Kohn Foundation International Song Competition à Londres. Elle a récemment donné des récitals lors des séries de spectacles Dame Myra Hess Series à Chicago et Schubert Club International Artist à Saint Paul, au Minnesota.</p>
<p style="text-align: left;">Elle a terminé son baccalauréat en art musical, option chant, à la North Dakota State University en 2008, ainsi que sa maîtrise en chant à la University of Iowa en 2010. Elle étudie présentement le chant auprès d’Emma Small de Minneapolis.</p>
<p style="text-align: left;"><strong>Clara Osowski est généreusement parrainée par Nathalie Pratte.</strong></p>
<p style="text-align: left;"><strong>Site Web<br /></strong><a href="http://www.claraosowski.com">www.claraosowski.com</a></p>
<p style="text-align: center;">* * *</p>
<h2>VIDÉO</h2>
<iframe loading="lazy"  id="_ytid_41180"  width="490" height="276"  data-origwidth="490" data-origheight="276" src="https://www.youtube.com/embed/wawII8zVaUI?enablejsapi=1&autoplay=0&cc_load_policy=0&cc_lang_pref=&iv_load_policy=1&loop=0&rel=1&fs=1&playsinline=0&autohide=2&theme=dark&color=red&controls=1&disablekb=0&" class="__youtube_prefs__  no-lazyload" title="YouTube player"  allow="fullscreen; accelerometer; autoplay; clipboard-write; encrypted-media; gyroscope; picture-in-picture; web-share" referrerpolicy="strict-origin-when-cross-origin" allowfullscreen data-no-lazy="1" data-skipgform_ajax_framebjll=""></iframe>
<p>&nbsp;</p>
<p style="text-align: center;"><strong>* * *</strong></p>
<h2 style="text-align: left;"><strong>Programme Voix 2018</strong></h2>
<p style="text-align: left;"><span style="color: #ff0000;"><strong>MÉLODIE</strong></span></p>
<p style="text-align: left;"><strong>PREMIÈRE ÉPREUVE</strong></p>
<p style="text-align: left;"><strong>Franz Schubert</strong><br />Memnon D. 541</p>
<p style="text-align: left;"><strong>Francis Poulenc</strong><br />Homme au sourire tendre (<em>La Fraîcheur et le Feu</em> FP 147)</p>
<p style="text-align: left;"><strong>Benjamin Britten</strong><br />Sephestia&rsquo;s Lullaby (<em>A Charm of Lullabies</em> op. 41)</p>
<p style="text-align: left;"><strong>Dominick Argento</strong><br />Parents (<em>From the Diary of Virginia Woolf</em>)</p>
<p style="text-align: left;"><strong>Franz Schubert</strong><br />Bei dir allein! D. 866 n° 2</p>
<p style="text-align: left;"> </p>
<p style="text-align: left;"><strong>DEMI-FINALE</strong></p>
<p style="text-align: left;"><strong>Franz Schubert</strong><br />Heliopolis 1 D. 753    <br />Auflösung D. 807       <br />Die Sterne D. 176      </p>
<p style="text-align: left;"><strong>Jean Sibelius</strong><br />Den första kyssen op. 37 n° 1</p>
<p style="text-align: left;"><strong>Ralph Vaughan Williams</strong><br />Tired (<em>Four Last Songs</em>)</p>
<p style="text-align: left;"><strong>Gabriel Fauré</strong><br />Clair de lune op. 46 n° 2</p>
<p style="text-align: left;"><strong>Joseph Marx</strong><br />Pierrot Dandy</p>
<p style="text-align: left;"><strong>Francis Poulenc</strong><br />Pierrot FP 66</p>
<p style="text-align: left;"><strong>Virgil Thomson</strong><br />Let&rsquo;s Take a Walk</p>
<p style="text-align: left;"> </p>
<p style="text-align: left;"><strong>FINALE</strong></p>
<p style="text-align: left;"><strong>Franz Schubert</strong><br />An Sylvia D. 891</p>
<p style="text-align: left;"><strong>Hector Berlioz</strong><br />La mort d&rsquo;Ophélie H. 92A</p>
<p style="text-align: left;"><strong>Robert Schumann</strong><br /><em>Gedichte der Königin Maria Stuart</em> op. 135 <br />Abschied von Frankreich<br />Gebet</p>
<p style="text-align: left;"><strong>Robert Fleming</strong><br /><em>The Confession Stone (Songs of Mary)</em><em>          <br /></em>Bring me those needles, Martha<br />Everything is black<br />Oh, my boy Jesus</p>
<p style="text-align: left;"><strong>Franz Schubert</strong><br />Die junge Nonne D. 828</p>
<p style="text-align: left;"><strong>Virgil Thomson</strong><br />A Prayer to Saint Catherine</p>
<p>&nbsp;</p>
<p><strong>Pianiste officiel :</strong> Olivier Godin </p>

<p>Édition Voix 2018 &#8211; Volet Mélodie Troisième prix Lois-Marshall et Prix du public Radio-Canada      Mezzo-soprano Biographie 2018 : La mezzo-soprano Clara Osowski est une musicienne active aux États-Unis et en Europe. Parmi ses victoires les plus récentes en 2017, elle a gagné le concours Houston Saengerbund, et elle a terminé troisième au Handel [&hellip;]</p>

États-Unis
