{"id":6821,"date":"2018-03-02T15:04:24","date_gmt":"2018-03-02T15:04:24","guid":{"rendered":"https:\/\/concoursmontreal.ca\/?post_type=cmim-competitors&#038;p=6821"},"modified":"2021-02-01T03:15:50","modified_gmt":"2021-02-01T03:15:50","slug":"julien-van-mellaerts","status":"publish","type":"cmim-competitors","link":"https:\/\/concoursmontreal.ca\/fr\/concurrents\/julien-van-mellaerts\/","title":{"rendered":"Julien Van Mellaerts **"},"content":{"rendered":"<h2 style=\"text-align: left;\">\u00c9dition Voix 2018 &#8211; VOLET M\u00c9LODIE<\/h2>\n<p style=\"text-align: left;\"><strong>Laur\u00e9at du Deuxi\u00e8me prix et Prix Lied allemand<\/strong><\/p>\n<p style=\"text-align: left;\"><a class=\"maxbutton-37 maxbutton maxbutton-chant-2018\" href=\"https:\/\/www.concoursmontreal.ca\/fr\/archives\/chant-2018\/\"><span class='mb-text'>Chant 2018<\/span><\/a>\u00a0 \u00a0<\/p>\n<h2 style=\"text-align: left;\">\u00a0<\/h2>\n<h2 style=\"text-align: left;\">baryton<\/h2>\n<p style=\"text-align: left;\">Biographie 2018 : Le baryton Julien Van Mellaerts a obtenu r\u00e9cemment son dipl\u00f4me au Royal College of Music International Opera School, o\u00f9 il a \u00e9tudi\u00e9 sous la tutelle de Russell Smythe. Avant de d\u00e9m\u00e9nager \u00e0 Londres, Julien a \u00e9tudi\u00e9 la musique et les langues \u00e0 la University of Otago, en Nouvelle-Z\u00e9lande.<\/p>\n<p style=\"text-align: left;\">Julien a remport\u00e9 le premier prix lors de l\u2019\u00e9dition\u00a02017 du Wigmore Hall\/Kohn Foundation International Song Competition et lors des Kathleen Ferrier Awards de 2017. Il a \u00e9galement remport\u00e9 le Premier prix des Maureen Lehane Vocal Awards de 2015.<\/p>\n<p style=\"text-align: left;\">Cette saison, il a \u00e9t\u00e9 soliste avec le Royal Ballet pour leur production d\u2019<em>Elizabeth<\/em> lors de spectacles au Barbarican et en tourn\u00e9e, il a particip\u00e9 \u00e0 des r\u00e9citals et \u00e0 des cours de ma\u00eetre au Heidelberg Fr\u00fchling Festival, ainsi qu\u2019\u00e0 la premi\u00e8re mondiale de <em>A Christmas Carol\u00a0<\/em>avec Opera Holland Park, a interpr\u00e9t\u00e9 Schaunard dans <em>La Boh\u00e8me<\/em> avec New Zealand Opera et le r\u00f4le principal dans <em>Eug\u00e8ne On\u00e9guine<\/em> avec The Cambridge Philharmonic. Il s\u2019est produit lors de r\u00e9citals avec Julius Drake, Simon Lepper, Gamal Khamis et Jo\u00e3o Ara\u00fajo, ainsi qu\u2019au Wigmore Hall et au Cadogan Hall, et il s\u2019est fait entendre dans le <em>Requiem<\/em> de Faur\u00e9 au Royal Albert Hall et lors de r\u00e9citals dans les festivals London Song, Leeds Lieder et Oxford Lieder.<\/p>\n<p style=\"text-align: left;\"><strong>Julien Van Mellaerts est g\u00e9n\u00e9reusement parrain\u00e9 par Groupe Marketex ltee.<\/strong><\/p>\n<p style=\"text-align: left;\"><strong><a href=\"https:\/\/www.julienvanmellaerts.com\/\" target=\"_blank\" rel=\"noopener noreferrer\">Site Web de Julien Van Mellaerts<\/a><\/strong><\/p>\n<p style=\"text-align: center;\">* * *<\/p>\n<h2>Vid\u00e9o<\/h2>\n<iframe loading=\"lazy\"  id=\"_ytid_88129\"  width=\"490\" height=\"276\"  data-origwidth=\"490\" data-origheight=\"276\" src=\"https:\/\/www.youtube.com\/embed\/Qh0ca-XDSoI?enablejsapi=1&autoplay=0&cc_load_policy=0&cc_lang_pref=&iv_load_policy=1&loop=0&rel=1&fs=1&playsinline=0&autohide=2&theme=dark&color=red&controls=1&disablekb=0&\" class=\"__youtube_prefs__  no-lazyload\" title=\"YouTube player\"  allow=\"fullscreen; accelerometer; autoplay; clipboard-write; encrypted-media; gyroscope; picture-in-picture; web-share\" referrerpolicy=\"strict-origin-when-cross-origin\" allowfullscreen data-no-lazy=\"1\" data-skipgform_ajax_framebjll=\"\"><\/iframe>\n<p>&nbsp;<\/p>\n<p style=\"text-align: center;\">* * *<\/p>\n<h2 style=\"text-align: left;\"><strong>Programme Voix 2018<\/strong><\/h2>\n<p style=\"text-align: left;\"><span style=\"color: #ff0000;\"><strong>M\u00c9LODIE<\/strong><\/span><\/p>\n<p style=\"text-align: left;\"><strong>PREMI\u00c8RE \u00c9PREUVE<\/strong><\/p>\n<p style=\"text-align: left;\"><strong>Maurice Ravel<\/strong><br \/>Le Paon (<em>Histoires Naturelles<\/em>)<\/p>\n<p style=\"text-align: left;\"><strong>Benjamin Britten<\/strong><br \/>A Poison Tree (<em>Songs and Proverbs of William Blake<\/em> op. 74)<\/p>\n<p style=\"text-align: left;\"><strong>Franz Schubert<\/strong><br \/>Wandrers Nachtlied II D. 768<\/p>\n<p style=\"text-align: left;\"><strong>Hugo Wolf<\/strong><br \/>Abschied (<em>M\u00f6rike-Lieder<\/em>)<\/p>\n<p style=\"text-align: left;\">\u00a0<\/p>\n<p style=\"text-align: left;\"><strong>DEMI-FINALE<\/strong><\/p>\n<p style=\"text-align: left;\"><strong>Franz Schubert<\/strong><br \/>Der Einsame D. 800<br \/>Rastlose Liebe D. 138<\/p>\n<p style=\"text-align: left;\"><strong>Gustav Mahler\u00a0\u00a0<\/strong>\u00a0\u00a0\u00a0\u00a0\u00a0\u00a0\u00a0\u00a0<br \/>Zu Stra\u00dfburg auf der Schantz (<em>Des Knaben Wunderhorn<\/em>)<\/p>\n<p style=\"text-align: left;\"><strong>Ivor Gurney<\/strong><br \/>In Flanders<\/p>\n<p style=\"text-align: left;\"><strong>George Butterworth<\/strong><br \/>Is my team ploughing?\u00a0(<em>A Shropshire Lad<\/em>)<\/p>\n<p style=\"text-align: left;\"><strong>Gabriel\u00a0Faur\u00e9<\/strong><br \/>Nell op. 18 n\u00b0 1<\/p>\n<p style=\"text-align: left;\"><strong>Henri Duparc<\/strong><br \/>Phydil\u00e9<\/p>\n<p style=\"text-align: left;\">\u00a0<\/p>\n<p style=\"text-align: left;\"><strong>FINALE<\/strong><\/p>\n<p style=\"text-align: left;\"><strong>Richard Strauss<\/strong><br \/>Traum durch die D\u00e4mmerung op. 29 n\u00b0 1<\/p>\n<p style=\"text-align: left;\"><strong>Robert Schumann<\/strong><br \/><em>Liederkreis<\/em> op. 39<br \/>\u00a0\u00a0\u00a0\u00a0\u00a0 Mondnacht<br \/>\u00a0\u00a0\u00a0\u00a0\u00a0 Fr\u00fchlingsnacht<\/p>\n<p style=\"text-align: left;\"><strong>Hugo Wolf<\/strong><br \/>Ganymed (<em>Goethe-Lieder<\/em>)<br \/>Liebchen, wo bist du? (<em>Reinick-Lieder<\/em>)<\/p>\n<p style=\"text-align: left;\"><strong>Leslie Adams<\/strong><br \/>For You There is No Song<\/p>\n<p style=\"text-align: left;\"><strong>Robert Owens<\/strong><br \/>Genius Child (<em>Mortal Storm<\/em>)<\/p>\n<p style=\"text-align: left;\"><strong>Claude Debussy<\/strong><br \/><em>Trois ballades de Fran\u00e7ois Villon<\/em> L. 119<br \/>Ballade de Villon \u00e0 s&rsquo;amye<br \/>Ballade que Villon feit \u00e0 la requeste de sa m\u00e8re pour prier Nostre-Dame\u00a0<br \/>Ballade des femmes de Paris<\/p>\n<p style=\"text-align: center;\">* * *<\/p>\n<p>&nbsp;<\/p>\n<p style=\"text-align: center;\"><strong>Jo\u00e3o Ara\u00fajo, piano<\/strong><br \/>Prix du meilleur pianiste accompagnateur John-Newmark<\/p>\n","protected":false},"excerpt":{"rendered":"<p>\u00c9dition Voix 2018 &#8211; VOLET M\u00c9LODIE Laur\u00e9at du Deuxi\u00e8me prix et Prix Lied allemand \u00a0 \u00a0 \u00a0 baryton Biographie 2018 : Le baryton Julien Van Mellaerts a obtenu r\u00e9cemment son dipl\u00f4me au Royal College of Music International Opera School, o\u00f9 il a \u00e9tudi\u00e9 sous la tutelle de Russell Smythe. Avant de d\u00e9m\u00e9nager \u00e0 Londres, Julien [&hellip;]<\/p>\n","protected":false},"featured_media":6680,"template":"","class_list":["post-6821","cmim-competitors","type-cmim-competitors","status-publish","has-post-thumbnail","hentry"],"acf":{"cmim_competitors_photo_credits":"Diana Roberts","cmim_competitors_date_of_birth":"1988-04-29","cmim_competitors_country":"Nouvelle Z\u00e9lande\/Royaume-Uni","cmim_competitors_range":"Voix 2018"},"featured_media_src_url":"\/wp-content\/uploads\/2018\/02\/van-mellaerts-julien-444_photo-2-300x300.jpg","_links":{"self":[{"href":"https:\/\/concoursmontreal.ca\/fr\/wp-json\/wp\/v2\/cmim-competitors\/6821","targetHints":{"allow":["GET"]}}],"collection":[{"href":"https:\/\/concoursmontreal.ca\/fr\/wp-json\/wp\/v2\/cmim-competitors"}],"about":[{"href":"https:\/\/concoursmontreal.ca\/fr\/wp-json\/wp\/v2\/types\/cmim-competitors"}],"version-history":[{"count":6,"href":"https:\/\/concoursmontreal.ca\/fr\/wp-json\/wp\/v2\/cmim-competitors\/6821\/revisions"}],"predecessor-version":[{"id":17067,"href":"https:\/\/concoursmontreal.ca\/fr\/wp-json\/wp\/v2\/cmim-competitors\/6821\/revisions\/17067"}],"wp:featuredmedia":[{"embeddable":true,"href":"https:\/\/concoursmontreal.ca\/fr\/wp-json\/wp\/v2\/media\/6680"}],"wp:attachment":[{"href":"https:\/\/concoursmontreal.ca\/fr\/wp-json\/wp\/v2\/media?parent=6821"}],"curies":[{"name":"wp","href":"https:\/\/api.w.org\/{rel}","templated":true}]}}

<h2 style="text-align: left;">Édition Voix 2018 &#8211; VOLET MÉLODIE</h2>
<p style="text-align: left;"><strong>Lauréat du Deuxième prix et Prix Lied allemand</strong></p>
<p style="text-align: left;"><a class="maxbutton-37 maxbutton maxbutton-chant-2018" href="https://www.concoursmontreal.ca/fr/archives/chant-2018/"><span class='mb-text'>Chant 2018</span></a>   </p>
<h2 style="text-align: left;"> </h2>
<h2 style="text-align: left;">baryton</h2>
<p style="text-align: left;">Biographie 2018 : Le baryton Julien Van Mellaerts a obtenu récemment son diplôme au Royal College of Music International Opera School, où il a étudié sous la tutelle de Russell Smythe. Avant de déménager à Londres, Julien a étudié la musique et les langues à la University of Otago, en Nouvelle-Zélande.</p>
<p style="text-align: left;">Julien a remporté le premier prix lors de l’édition 2017 du Wigmore Hall/Kohn Foundation International Song Competition et lors des Kathleen Ferrier Awards de 2017. Il a également remporté le Premier prix des Maureen Lehane Vocal Awards de 2015.</p>
<p style="text-align: left;">Cette saison, il a été soliste avec le Royal Ballet pour leur production d’<em>Elizabeth</em> lors de spectacles au Barbarican et en tournée, il a participé à des récitals et à des cours de maître au Heidelberg Frühling Festival, ainsi qu’à la première mondiale de <em>A Christmas Carol </em>avec Opera Holland Park, a interprété Schaunard dans <em>La Bohème</em> avec New Zealand Opera et le rôle principal dans <em>Eugène Onéguine</em> avec The Cambridge Philharmonic. Il s’est produit lors de récitals avec Julius Drake, Simon Lepper, Gamal Khamis et João Araújo, ainsi qu’au Wigmore Hall et au Cadogan Hall, et il s’est fait entendre dans le <em>Requiem</em> de Fauré au Royal Albert Hall et lors de récitals dans les festivals London Song, Leeds Lieder et Oxford Lieder.</p>
<p style="text-align: left;"><strong>Julien Van Mellaerts est généreusement parrainé par Groupe Marketex ltee.</strong></p>
<p style="text-align: left;"><strong><a href="https://www.julienvanmellaerts.com/" target="_blank" rel="noopener noreferrer">Site Web de Julien Van Mellaerts</a></strong></p>
<p style="text-align: center;">* * *</p>
<h2>Vidéo</h2>
<iframe loading="lazy"  id="_ytid_88129"  width="490" height="276"  data-origwidth="490" data-origheight="276" src="https://www.youtube.com/embed/Qh0ca-XDSoI?enablejsapi=1&autoplay=0&cc_load_policy=0&cc_lang_pref=&iv_load_policy=1&loop=0&rel=1&fs=1&playsinline=0&autohide=2&theme=dark&color=red&controls=1&disablekb=0&" class="__youtube_prefs__  no-lazyload" title="YouTube player"  allow="fullscreen; accelerometer; autoplay; clipboard-write; encrypted-media; gyroscope; picture-in-picture; web-share" referrerpolicy="strict-origin-when-cross-origin" allowfullscreen data-no-lazy="1" data-skipgform_ajax_framebjll=""></iframe>
<p>&nbsp;</p>
<p style="text-align: center;">* * *</p>
<h2 style="text-align: left;"><strong>Programme Voix 2018</strong></h2>
<p style="text-align: left;"><span style="color: #ff0000;"><strong>MÉLODIE</strong></span></p>
<p style="text-align: left;"><strong>PREMIÈRE ÉPREUVE</strong></p>
<p style="text-align: left;"><strong>Maurice Ravel</strong><br />Le Paon (<em>Histoires Naturelles</em>)</p>
<p style="text-align: left;"><strong>Benjamin Britten</strong><br />A Poison Tree (<em>Songs and Proverbs of William Blake</em> op. 74)</p>
<p style="text-align: left;"><strong>Franz Schubert</strong><br />Wandrers Nachtlied II D. 768</p>
<p style="text-align: left;"><strong>Hugo Wolf</strong><br />Abschied (<em>Mörike-Lieder</em>)</p>
<p style="text-align: left;"> </p>
<p style="text-align: left;"><strong>DEMI-FINALE</strong></p>
<p style="text-align: left;"><strong>Franz Schubert</strong><br />Der Einsame D. 800<br />Rastlose Liebe D. 138</p>
<p style="text-align: left;"><strong>Gustav Mahler  </strong>        <br />Zu Straßburg auf der Schantz (<em>Des Knaben Wunderhorn</em>)</p>
<p style="text-align: left;"><strong>Ivor Gurney</strong><br />In Flanders</p>
<p style="text-align: left;"><strong>George Butterworth</strong><br />Is my team ploughing? (<em>A Shropshire Lad</em>)</p>
<p style="text-align: left;"><strong>Gabriel Fauré</strong><br />Nell op. 18 n° 1</p>
<p style="text-align: left;"><strong>Henri Duparc</strong><br />Phydilé</p>
<p style="text-align: left;"> </p>
<p style="text-align: left;"><strong>FINALE</strong></p>
<p style="text-align: left;"><strong>Richard Strauss</strong><br />Traum durch die Dämmerung op. 29 n° 1</p>
<p style="text-align: left;"><strong>Robert Schumann</strong><br /><em>Liederkreis</em> op. 39<br />      Mondnacht<br />      Frühlingsnacht</p>
<p style="text-align: left;"><strong>Hugo Wolf</strong><br />Ganymed (<em>Goethe-Lieder</em>)<br />Liebchen, wo bist du? (<em>Reinick-Lieder</em>)</p>
<p style="text-align: left;"><strong>Leslie Adams</strong><br />For You There is No Song</p>
<p style="text-align: left;"><strong>Robert Owens</strong><br />Genius Child (<em>Mortal Storm</em>)</p>
<p style="text-align: left;"><strong>Claude Debussy</strong><br /><em>Trois ballades de François Villon</em> L. 119<br />Ballade de Villon à s&rsquo;amye<br />Ballade que Villon feit à la requeste de sa mère pour prier Nostre-Dame <br />Ballade des femmes de Paris</p>
<p style="text-align: center;">* * *</p>
<p>&nbsp;</p>
<p style="text-align: center;"><strong>João Araújo, piano</strong><br />Prix du meilleur pianiste accompagnateur John-Newmark</p>

<p>Édition Voix 2018 &#8211; VOLET MÉLODIE Lauréat du Deuxième prix et Prix Lied allemand       baryton Biographie 2018 : Le baryton Julien Van Mellaerts a obtenu récemment son diplôme au Royal College of Music International Opera School, où il a étudié sous la tutelle de Russell Smythe. Avant de déménager à Londres, Julien [&hellip;]</p>

Nouvelle Zélande/Royaume-Uni
