{"id":35380,"date":"2024-09-03T05:00:46","date_gmt":"2024-09-03T09:00:46","guid":{"rendered":"https:\/\/concoursmontreal.ca\/?post_type=cmim-jury&#038;p=35380"},"modified":"2025-09-18T12:32:09","modified_gmt":"2025-09-18T16:32:09","slug":"susan-graham","status":"publish","type":"cmim-jury","link":"https:\/\/concoursmontreal.ca\/en\/jury\/susan-graham\/","title":{"rendered":"Susan Graham"},"content":{"rendered":"<p style=\"text-align: left;\"><a class=\"maxbutton-159 maxbutton maxbutton-voice-2025-en\" href=\"https:\/\/concoursmontreal.ca\/en\/voice-2025\/\"><span class='mb-text'>VOICE 2025<\/span><\/a><\/p>\n<p style=\"text-align: left;\"><span style=\"font-size: 14px;\">Hailed as \u201can artist to treasure\u201d by <i>The<\/i> <i>New York Times, <\/i>Susan Graham rose to the highest echelon of international performers within just a few years of her professional debut, mastering an astonishing range of repertoire and genres along the way. Her operatic roles span four centuries, from Monteverdi\u2019s Poppea to Sister Helen Prejean in Jake Heggie\u2019s <i>Dead Man Walking<\/i>, which was written especially for her. A familiar face at New York\u2019s Metropolitan Opera, she also maintains a strong international presence at such key venues as Paris\u2019s Th\u00e9\u00e2tre du Ch\u00e2telet, Santa Fe Opera, and the Hollywood Bowl. She won a Grammy Award for her collection of Ives songs, and has also been recognized throughout her career as one of the foremost exponents of French vocal music. Although a native of Texas, she was awarded the French government\u2019s prestigious \u201cChevalier de la L\u00e9gion d\u2019honneur,\u201d both for her popularity as a performer in France and in honour of her commitment to French music.<\/span><\/p>\n<p style=\"text-align: left;\"><span style=\"font-size: 14px;\">Susan Graham began the 2024-2025 season as Desiree Armfeldt in <i>A Little Night Music <\/i>in concert at Lincoln Center with the Orchestra of St. Luke\u2019s and an all-star cast. She later joins the Boston Symphony Orchestra in concert for a gala honouring Maestro Andris Nelsons. She sings The Marquise of Berkenfield in <i>La fille du regiment <\/i>in her return to Op\u00e9ra national de Paris, and sings the Baroness in <i>Vanessa <\/i>with the National Symphony Orchestra led by Gianandrea Noseda. She later returns to Carnegie Hall with Orchestra of St. Luke\u2019s for <i>A Standing Witness <\/i>by Richard Danielpour, a work written for her which she premiered in the 2022-2023 season.<\/span><\/p>\n<p style=\"text-align: left;\"><span style=\"font-size: 14px;\">Last season, Susan Graham performed her celebrated portrayal of Mrs. Patrick De Rocher in the Metropolitan Opera\u2019s seasoning-opening company premiere of <i>Dead Man Walking<\/i>, conducted by Yannick N\u00e9zet-S\u00e9guin. She was a featured guest performer in nationwide telecast of the 46th annual Kennedy Center Honors Gala in a tribute to her longtime colleague and friend, soprano Ren\u00e9e Fleming. She also debuted with Detroit Opera in <i>Europeras 4.<\/i> She began the season before with Music from Copland House premiering <i>A Standing Witness<\/i>. She then sang Hanna Glawari in <i>The Merry Widow <\/i>in Dallas Symphony\u2019s 2022 gala with Fabio Luisi alongside Thomas Hampson. She performed Genevi\u00e8ve in Sir David McVicar\u2019s production Debussy\u2019s of <i>Pell\u00e9as and M\u00e9lisande <\/i>at Los Angeles Opera under James Conlon and reprised the role with Santa Fe Opera.<\/span><\/p>\n<p style=\"text-align: left;\"><span style=\"font-size: 14px;\">Susan Graham also sang Mrs. Patrick De Rocher in Lyric Opera of Chicago\u2019s company premiere of <i>Dead Man Walking<\/i>. In concert, she sang Berlioz\u2019s <i>La mort de Cl\u00e9op\u00e2tre<\/i> and excerpts from <i>Les Troyens<\/i> with Sir Donald Runnicles and the orchestra of the Deutsche Oper Berlin at the Berlin Musikfest and partnered with pianist Malcolm Martineau for recitals of Mahler\u2019s <i>R\u00fcckert-Lieder<\/i> in Berkeley\u2019s Cal Performances series and of her Schumann-inspired <i>Frauenliebe und -leben: Variations <\/i>program in Fort Worth\u2019s Cliburn Concert Series and at New York\u2019s Lincoln Center. Graham joined Andris Nelsons and the Boston Symphony for Mahler\u2019s Third Symphony at London\u2019s BBC Proms and in Berlin, Leipzig, Vienna, Lucerne, and Paris. She made her role debut as Humperdinck\u2019s Witch in <i>Hansel and Gretel<\/i> at LA Opera, hosted \u201cAn Evening with Susan Graham\u201d at Dallas\u2019s Meyerson Symphony Center, sang Canteloube\u2019s <i>Chants d\u2019Auvergne<\/i> with David Robertson and the Sydney Symphony, headlined the Mayshad Foundation\u2019s season-closing gala concert in Marrakech, and returned to Carnegie Hall, first with the Orchestra of St. Luke\u2019s and then with Alec Baldwin and Leonard Slatkin for the Manhattan School of Music\u2019s Centennial Gala Concert. To mark the 150th anniversary of Berlioz\u2019s death, she performed <i>Les nuits d\u2019\u00e9t\u00e9<\/i> with the Houston Symphony and made her New Zealand debut in <i>La mort de Cl\u00e9op\u00e2tre<\/i> with the New Zealand Symphony under Edo de Waart. Other highlights of recent seasons include starring in <i>Trouble in Tahiti<\/i> at Lyric Opera of Chicago to honour the Bernstein Centennial, making her title role debut opposite James Morris in Marc Blitzstein\u2019s 1948 opera <i>Regina<\/i> at Opera Theatre of Saint Louis, and appearing alongside Anna Netrebko, Ren\u00e9e Fleming and a host of other luminaries to celebrate the Metropolitan Opera\u2019s five decades at its Lincoln Center home.\u00a0<\/span><\/p>\n<p style=\"text-align: left;\"><span style=\"font-size: 14px;\"><a href=\"https:\/\/www.jedonneenligne.org\/cmim\/25PARRAIN\/?lng=1\"><img loading=\"lazy\" decoding=\"async\" class=\"alignnone wp-image-37201\" style=\"text-align: left;\" src=\"\/wp-content\/uploads\/2025\/01\/Voix2025_parrainage-sponsorship_en_1651x695.png\" alt=\"\" width=\"200\" height=\"84\" \/><\/a><\/p>\n<p>The presence of <strong>Susan Graham<\/strong> in Montreal is generously sponsored by <strong><span style=\"color: #fc4237;\">La Fondation Lise et Richard Fortin<\/span><\/strong>.<\/span><\/p>\n<p>&nbsp;<\/p>\n<p style=\"text-align: center;\"><a class=\"maxbutton-161 maxbutton maxbutton-jurys-2026-en\" href=\"https:\/\/concoursmontreal.ca\/en\/violin-2026\/juries\"><span class='mb-text'>JURYS 2026<\/span><\/a><\/p>\n<p style=\"text-align: center;\"><a href=\"https:\/\/www.ritzcarlton.com\/en\/hotels\/yulrm-the-ritz-carlton-montreal\/overview\/\"><img loading=\"lazy\" decoding=\"async\" class=\" wp-image-33226 aligncenter\" src=\"\/wp-content\/uploads\/2023\/10\/Ritz-Carlton_Montreal_Logo.svg_.png\" alt=\"\" width=\"140\" height=\"103\" \/><\/a><\/p>\n<p style=\"text-align: center;\">The Voice 2025 jury is housed at the Ritz-Carlton \u2013 Montr\u00e9al<\/p>\n<p style=\"text-align: center;\">\u00a0<\/p>\n<p style=\"text-align: center;\"><a class=\"maxbutton-159 maxbutton maxbutton-voice-2025-en\" href=\"https:\/\/concoursmontreal.ca\/en\/voice-2025\/\"><span class='mb-text'>VOICE 2025<\/span><\/a><\/p>\n<p style=\"text-align: center;\"><a class=\"maxbutton-140 maxbutton maxbutton-tickets-and-packages\" href=\"https:\/\/www.concoursmontreal.ca\/en\/violin-2026\/box-office\/\"><span class='mb-text'>TICKETS AND PACKAGES<\/span><\/a><\/p>\n<p style=\"text-align: center;\"><a class=\"maxbutton-169 maxbutton maxbutton-i-support-the-concours\" target=\"_blank\" rel=\"noopener\" href=\"https:\/\/www.jedonneenligne.org\/cmim\/?lng=1\"><span class='mb-text'>I SUPPORT THE CONCOURS<\/span><\/a><\/p>\n<p style=\"text-align: center;\">\u00a0<\/p>\n<p>&nbsp;<\/p>\n<p>&nbsp;<\/p>\n<p>&nbsp;<\/p>\n<p style=\"text-align: center;\">\u00a0<\/p>\n<p style=\"text-align: left;\">\u00a0<\/p>\n","protected":false},"excerpt":{"rendered":"<p>Hailed as \u201can artist to treasure\u201d by The New York Times, Susan Graham rose to the highest echelon of international performers within just a few years of her professional debut, mastering an astonishing range of repertoire and genres along the way. Her operatic roles span four centuries, from Monteverdi\u2019s Poppea to Sister Helen Prejean in [&hellip;]<\/p>\n","protected":false},"featured_media":35406,"template":"","class_list":["post-35380","cmim-jury","type-cmim-jury","status-publish","has-post-thumbnail","hentry"],"acf":{"cmim_jury_photo_credits":"","cmim_jury_role":"","cmim_jury_country":""},"featured_media_src_url":"\/wp-content\/uploads\/2024\/08\/Graham-Susan.png","_links":{"self":[{"href":"https:\/\/concoursmontreal.ca\/en\/wp-json\/wp\/v2\/cmim-jury\/35380","targetHints":{"allow":["GET"]}}],"collection":[{"href":"https:\/\/concoursmontreal.ca\/en\/wp-json\/wp\/v2\/cmim-jury"}],"about":[{"href":"https:\/\/concoursmontreal.ca\/en\/wp-json\/wp\/v2\/types\/cmim-jury"}],"wp:featuredmedia":[{"embeddable":true,"href":"https:\/\/concoursmontreal.ca\/en\/wp-json\/wp\/v2\/media\/35406"}],"wp:attachment":[{"href":"https:\/\/concoursmontreal.ca\/en\/wp-json\/wp\/v2\/media?parent=35380"}],"curies":[{"name":"wp","href":"https:\/\/api.w.org\/{rel}","templated":true}]}}

<p style="text-align: left;"><a class="maxbutton-159 maxbutton maxbutton-voice-2025-en" href="https://concoursmontreal.ca/en/voice-2025/"><span class='mb-text'>VOICE 2025</span></a></p>
<p style="text-align: left;"><span style="font-size: 14px;">Hailed as “an artist to treasure” by <i>The</i> <i>New York Times, </i>Susan Graham rose to the highest echelon of international performers within just a few years of her professional debut, mastering an astonishing range of repertoire and genres along the way. Her operatic roles span four centuries, from Monteverdi’s Poppea to Sister Helen Prejean in Jake Heggie’s <i>Dead Man Walking</i>, which was written especially for her. A familiar face at New York’s Metropolitan Opera, she also maintains a strong international presence at such key venues as Paris’s Théâtre du Châtelet, Santa Fe Opera, and the Hollywood Bowl. She won a Grammy Award for her collection of Ives songs, and has also been recognized throughout her career as one of the foremost exponents of French vocal music. Although a native of Texas, she was awarded the French government’s prestigious “Chevalier de la Légion d’honneur,” both for her popularity as a performer in France and in honour of her commitment to French music.</span></p>
<p style="text-align: left;"><span style="font-size: 14px;">Susan Graham began the 2024-2025 season as Desiree Armfeldt in <i>A Little Night Music </i>in concert at Lincoln Center with the Orchestra of St. Luke’s and an all-star cast. She later joins the Boston Symphony Orchestra in concert for a gala honouring Maestro Andris Nelsons. She sings The Marquise of Berkenfield in <i>La fille du regiment </i>in her return to Opéra national de Paris, and sings the Baroness in <i>Vanessa </i>with the National Symphony Orchestra led by Gianandrea Noseda. She later returns to Carnegie Hall with Orchestra of St. Luke’s for <i>A Standing Witness </i>by Richard Danielpour, a work written for her which she premiered in the 2022-2023 season.</span></p>
<p style="text-align: left;"><span style="font-size: 14px;">Last season, Susan Graham performed her celebrated portrayal of Mrs. Patrick De Rocher in the Metropolitan Opera’s seasoning-opening company premiere of <i>Dead Man Walking</i>, conducted by Yannick Nézet-Séguin. She was a featured guest performer in nationwide telecast of the 46th annual Kennedy Center Honors Gala in a tribute to her longtime colleague and friend, soprano Renée Fleming. She also debuted with Detroit Opera in <i>Europeras 4.</i> She began the season before with Music from Copland House premiering <i>A Standing Witness</i>. She then sang Hanna Glawari in <i>The Merry Widow </i>in Dallas Symphony’s 2022 gala with Fabio Luisi alongside Thomas Hampson. She performed Geneviève in Sir David McVicar’s production Debussy’s of <i>Pelléas and Mélisande </i>at Los Angeles Opera under James Conlon and reprised the role with Santa Fe Opera.</span></p>
<p style="text-align: left;"><span style="font-size: 14px;">Susan Graham also sang Mrs. Patrick De Rocher in Lyric Opera of Chicago’s company premiere of <i>Dead Man Walking</i>. In concert, she sang Berlioz’s <i>La mort de Cléopâtre</i> and excerpts from <i>Les Troyens</i> with Sir Donald Runnicles and the orchestra of the Deutsche Oper Berlin at the Berlin Musikfest and partnered with pianist Malcolm Martineau for recitals of Mahler’s <i>Rückert-Lieder</i> in Berkeley’s Cal Performances series and of her Schumann-inspired <i>Frauenliebe und -leben: Variations </i>program in Fort Worth’s Cliburn Concert Series and at New York’s Lincoln Center. Graham joined Andris Nelsons and the Boston Symphony for Mahler’s Third Symphony at London’s BBC Proms and in Berlin, Leipzig, Vienna, Lucerne, and Paris. She made her role debut as Humperdinck’s Witch in <i>Hansel and Gretel</i> at LA Opera, hosted “An Evening with Susan Graham” at Dallas’s Meyerson Symphony Center, sang Canteloube’s <i>Chants d’Auvergne</i> with David Robertson and the Sydney Symphony, headlined the Mayshad Foundation’s season-closing gala concert in Marrakech, and returned to Carnegie Hall, first with the Orchestra of St. Luke’s and then with Alec Baldwin and Leonard Slatkin for the Manhattan School of Music’s Centennial Gala Concert. To mark the 150th anniversary of Berlioz’s death, she performed <i>Les nuits d’été</i> with the Houston Symphony and made her New Zealand debut in <i>La mort de Cléopâtre</i> with the New Zealand Symphony under Edo de Waart. Other highlights of recent seasons include starring in <i>Trouble in Tahiti</i> at Lyric Opera of Chicago to honour the Bernstein Centennial, making her title role debut opposite James Morris in Marc Blitzstein’s 1948 opera <i>Regina</i> at Opera Theatre of Saint Louis, and appearing alongside Anna Netrebko, Renée Fleming and a host of other luminaries to celebrate the Metropolitan Opera’s five decades at its Lincoln Center home. </span></p>
<p style="text-align: left;"><span style="font-size: 14px;"><a href="https://www.jedonneenligne.org/cmim/25PARRAIN/?lng=1"><img loading="lazy" decoding="async" class="alignnone wp-image-37201" style="text-align: left;" src="/wp-content/uploads/2025/01/Voix2025_parrainage-sponsorship_en_1651x695.png" alt="" width="200" height="84" /></a></p>
<p>The presence of <strong>Susan Graham</strong> in Montreal is generously sponsored by <strong><span style="color: #fc4237;">La Fondation Lise et Richard Fortin</span></strong>.</span></p>
<p>&nbsp;</p>
<p style="text-align: center;"><a class="maxbutton-161 maxbutton maxbutton-jurys-2026-en" href="https://concoursmontreal.ca/en/violin-2026/juries"><span class='mb-text'>JURYS 2026</span></a></p>
<p style="text-align: center;"><a href="https://www.ritzcarlton.com/en/hotels/yulrm-the-ritz-carlton-montreal/overview/"><img loading="lazy" decoding="async" class=" wp-image-33226 aligncenter" src="/wp-content/uploads/2023/10/Ritz-Carlton_Montreal_Logo.svg_.png" alt="" width="140" height="103" /></a></p>
<p style="text-align: center;">The Voice 2025 jury is housed at the Ritz-Carlton – Montréal</p>
<p style="text-align: center;"> </p>
<p style="text-align: center;"><a class="maxbutton-159 maxbutton maxbutton-voice-2025-en" href="https://concoursmontreal.ca/en/voice-2025/"><span class='mb-text'>VOICE 2025</span></a></p>
<p style="text-align: center;"><a class="maxbutton-140 maxbutton maxbutton-tickets-and-packages" href="https://www.concoursmontreal.ca/en/violin-2026/box-office/"><span class='mb-text'>TICKETS AND PACKAGES</span></a></p>
<p style="text-align: center;"><a class="maxbutton-169 maxbutton maxbutton-i-support-the-concours" target="_blank" rel="noopener" href="https://www.jedonneenligne.org/cmim/?lng=1"><span class='mb-text'>I SUPPORT THE CONCOURS</span></a></p>
<p style="text-align: center;"> </p>
<p>&nbsp;</p>
<p>&nbsp;</p>
<p>&nbsp;</p>
<p style="text-align: center;"> </p>
<p style="text-align: left;"> </p>
