{"id":8142,"date":"2018-03-02T15:18:04","date_gmt":"2018-03-02T15:18:04","guid":{"rendered":"https:\/\/concoursmontreal.ca\/?post_type=cmim-competitors&#038;p=8142"},"modified":"2021-02-01T02:59:01","modified_gmt":"2021-02-01T02:59:01","slug":"cecile-muhire","status":"publish","type":"cmim-competitors","link":"https:\/\/concoursmontreal.ca\/en\/competitors\/cecile-muhire\/","title":{"rendered":"C\u00e9cile Muhire"},"content":{"rendered":"<h2 style=\"text-align: left;\">VOICE 2018 Edition &#8211; ARIA DIVISION<\/h2>\n<p style=\"text-align: left;\"><a class=\"maxbutton-36 maxbutton maxbutton-voice-2018\" href=\"https:\/\/www.concoursmontreal.ca\/en\/archives\/voice-2018\/\"><span class='mb-text'>Voice 2018<\/span><\/a><\/p>\n<p>&nbsp;<\/p>\n<h2 style=\"text-align: left;\">soprano<\/h2>\n<p style=\"text-align: left;\">Biography 2018: Montreal soprano C\u00e9cile Muhire completed her studies at the Conservatoire de musique de Montr\u00e9al and is currently working with soprano Lyne Fortin and pianist Esther Gonthier. She has twice received a grant from the Jacqueline Desmarais Foundation, and is a Second prize winner of the Ottawa Choral Society\u2019s New Discoveries auditions. In January 2014, C\u00e9cile made her debut with the Op\u00e9ra de Montr\u00e9al as The Strawberry Woman (Porgy and Bess), and has been an Atelier lyrique member from 2014 to 2016.<\/p>\n<p style=\"text-align: left;\">Among other things, she has performed melodies of Satie and Poulenc with Julien Proulx and Drummondville\u2019 symphonic orchestra, as well as sang the role of Lisb\u00e9 (<em>Z\u00e9mire et Azor<\/em>) with Les Violons du Roy ensemble and its associate conductor Mathieu Lussier, staged by the famous Denys Arcand.<\/p>\n<p style=\"text-align: left;\">Recently, she was singing the role of Zerlina (<em>Don Giovanni<\/em>), a coproduction of Jeunesses musicales Canada and the Op\u00e9ra de Qu\u00e9bec. This summer, she will perform the role of Gretel (<em>Opera Candy: the gourmet adventure of Hansel and Gretel<\/em>), that will be presented at the Festival d\u2019Op\u00e9ra de Qu\u00e9bec.<\/p>\n<p style=\"text-align: left;\"><strong>C\u00e9cile Muhire is generously sponsored by Claire &amp; Laurent Beaudoin.\u00a0<\/strong><\/p>\n<p>&nbsp;<\/p>\n<p style=\"text-align: left;\"><span style=\"color: #ff0000;\"><strong>ARIA<\/strong><\/span><\/p>\n<p style=\"text-align: left;\"><strong>FIRST ROUND<\/strong><\/p>\n<p style=\"text-align: left;\"><strong style=\"font-style: normal; font-size: 13.0093px; text-align: left;\">Wolfgang Amadeus Mozart<br \/><\/strong><span style=\"font-size: 13.0093px;\">Solitudini amiche\u2026 Zeffiretti lusinghier (<\/span><em style=\"font-weight: 400; font-size: 13.0093px;\">Idomeneo<\/em><span style=\"font-size: 13.0093px;\">)<\/span><\/p>\n<p style=\"text-align: left;\"><strong style=\"font-style: normal; font-size: 13.0093px; text-align: left;\">Alban Berg<\/strong><br style=\"font-size: 13.0093px; text-align: left;\" \/><em style=\"font-weight: 400; font-size: 13.0093px; text-align: left;\">Sieben fr\u00fche Lieder<\/em><br style=\"font-size: 13.0093px; text-align: left;\" \/><span style=\"font-size: 13.0093px; text-align: left;\">\u00a0 \u00a0 \u00a0Die Nachtigall<\/span><br style=\"font-size: 13.0093px; text-align: left;\" \/><span style=\"font-size: 13.0093px; text-align: left;\">\u00a0 \u00a0 \u00a0Im Zimmer<\/span><\/p>\n<p style=\"text-align: left;\"><strong>Gioachino Rossini<\/strong><br \/>En proie \u00e0 la tristesse (<em>Le comte Ory<\/em>)<\/p>\n<p style=\"text-align: center;\"><strong>Official pianist:<\/strong> Esther Gonthier<\/p>\n<p style=\"text-align: left;\"><strong><br \/>SEMIFINAL<\/strong><\/p>\n<p style=\"text-align: left;\"><strong>Wolfgang Amadeus Mozart<\/strong><br \/>Ma se colpa&#8230; Batti, batti, o bel Masetto (<em>Don Giovanni<\/em>)<\/p>\n<p style=\"text-align: left;\"><strong>George Frideric Handel<\/strong><br \/>Rejoice Greatly, O Daughter Of Zion (<em>Messiah<\/em>)<\/p>\n<p><strong>Maurice Ravel<\/strong><br \/><em>Cinq M\u00e9lodies populaires grecques\u00a0\u00a0\u00a0\u00a0\u00a0\u00a0<\/em><br \/>\u00a0 \u00a0 \u00a0Chanson de la mari\u00e9e\u00a0<br \/>\u00a0 \u00a0 \u00a0L\u00e0-bas, vers l\u2019\u00e9glise<br \/>\u00a0 \u00a0 \u00a0Quel galant m\u2019est comparable<br \/>\u00a0 \u00a0 \u00a0Chanson des cueilleuses de lentisques<br \/>\u00a0 \u00a0 \u00a0Tout gai<\/p>\n<p style=\"text-align: left;\"><strong><br \/>FINAL<\/strong><\/p>\n<p style=\"text-align: left;\"><strong>Gioachino Rossini<\/strong><br \/>Prendi, per me sei libero\u00a0(<em>L&#8217;elisir d&#8217;amore<\/em>)<\/p>\n<p><strong>Gustav Mahler<\/strong> <br \/>Symphonie no. 4\u00a0 \u00a0 \u00a0 \u00a0 \u00a0 \u00a0 \u00a0 \u00a0 \u00a0 \u00a0 \u00a0 \u00a0 \u00a0 \u00a0 \u00a0 \u00a0 \u00a0 \u00a0 \u00a0 \u00a0 \u00a0 \u00a0 \u00a0 \u00a0 \u00a0 \u00a0 \u00a0 \u00a0 \u00a0 \u00a0 \u00a0 \u00a0 \u00a0 \u00a0 \u00a0 \u00a0 \u00a0 \u00a0 \u00a0 \u00a0 \u00a0 \u00a0 \u00a0 \u00a0 \u00a0 \u00a0 \u00a0 \u00a0 \u00a0 \u00a0 \u00a0 \u00a0 \u00a0 \u00a0 \u00a0 \u00a0 \u00a0 \u00a0 \u00a0 \u00a0 \u00a0 \u00a0 \u00a0 \u00a0 \u00a0 \u00a0 \u00a0 \u00a0 \u00a0 \u00a0 \u00a0 \u00a0 \u00a0 \u00a0 \u00a0 \u00a0 \u00a0 \u00a0 \u00a0 \u00a0 \u00a0 \u00a0 \u00a0 \u00a0 \u00a0 \u00a0 \u00a0 \u00a0 \u00a0 \u00a0 \u00a0 \u00a0 \u00a0 \u00a0 \u00a0 \u00a0 \u00a0 \u00a0 \u00a0 \u00a0 \u00a0 \u00a0 \u00a0 \u00a0 \u00a0 \u00a0 \u00a0 \u00a0 \u00a0 \u00a0 \u00a0 \u00a0 \u00a0 \u00a0 \u00a0 \u00a0 \u00a0 \u00a0 \u00a0 \u00a0 \u00a0 \u00a0 \u00a0 \u00a0 \u00a0 \u00a0 \u00a0 \u00a0 \u00a0 \u00a0 \u00a0<br \/>\u00a0 \u00a0 \u00a0 Sehr behaglich: &#8220;Wir genie\u00dfen die\u00a0<span style=\"font-size: 13.0093px; text-align: center;\">himmlischen Freuden&#8221;<\/span><\/p>\n<p style=\"text-align: left;\"><strong>Wolfgang Amadeus Mozart\u00a0<\/strong>\u00a0\u00a0\u00a0\u00a0\u00a0 <br \/><span style=\"font-size: 13.0093px;\">Alleluja (<\/span><em>Exsultate Jubilate K. 165<\/em>)\u00a0 \u00a0 \u00a0 \u00a0 \u00a0 \u00a0<\/p>\n","protected":false},"excerpt":{"rendered":"<p>VOICE 2018 Edition &#8211; ARIA DIVISION &nbsp; soprano Biography 2018: Montreal soprano C\u00e9cile Muhire completed her studies at the Conservatoire de musique de Montr\u00e9al and is currently working with soprano Lyne Fortin and pianist Esther Gonthier. She has twice received a grant from the Jacqueline Desmarais Foundation, and is a Second prize winner of the [&hellip;]<\/p>\n","protected":false},"featured_media":8143,"template":"","class_list":["post-8142","cmim-competitors","type-cmim-competitors","status-publish","has-post-thumbnail","hentry"],"acf":{"cmim_competitors_photo_credits":"Annie Ethier","cmim_competitors_date_of_birth":"1990-11-05","cmim_competitors_country":"Canada","cmim_competitors_range":"Voice 2018"},"featured_media_src_url":"\/wp-content\/uploads\/2018\/05\/CMIM-2018-Cecile-Muhire_cr\u00e9dit-photo-Annie-Ethier-e1527541633933.jpg","_links":{"self":[{"href":"https:\/\/concoursmontreal.ca\/en\/wp-json\/wp\/v2\/cmim-competitors\/8142","targetHints":{"allow":["GET"]}}],"collection":[{"href":"https:\/\/concoursmontreal.ca\/en\/wp-json\/wp\/v2\/cmim-competitors"}],"about":[{"href":"https:\/\/concoursmontreal.ca\/en\/wp-json\/wp\/v2\/types\/cmim-competitors"}],"version-history":[{"count":3,"href":"https:\/\/concoursmontreal.ca\/en\/wp-json\/wp\/v2\/cmim-competitors\/8142\/revisions"}],"predecessor-version":[{"id":17033,"href":"https:\/\/concoursmontreal.ca\/en\/wp-json\/wp\/v2\/cmim-competitors\/8142\/revisions\/17033"}],"wp:featuredmedia":[{"embeddable":true,"href":"https:\/\/concoursmontreal.ca\/en\/wp-json\/wp\/v2\/media\/8143"}],"wp:attachment":[{"href":"https:\/\/concoursmontreal.ca\/en\/wp-json\/wp\/v2\/media?parent=8142"}],"curies":[{"name":"wp","href":"https:\/\/api.w.org\/{rel}","templated":true}]}}

Cécile Muhire

<h2 style="text-align: left;">VOICE 2018 Edition &#8211; ARIA DIVISION</h2>
<p style="text-align: left;"><a class="maxbutton-36 maxbutton maxbutton-voice-2018" href="https://www.concoursmontreal.ca/en/archives/voice-2018/"><span class='mb-text'>Voice 2018</span></a></p>
<p>&nbsp;</p>
<h2 style="text-align: left;">soprano</h2>
<p style="text-align: left;">Biography 2018: Montreal soprano Cécile Muhire completed her studies at the Conservatoire de musique de Montréal and is currently working with soprano Lyne Fortin and pianist Esther Gonthier. She has twice received a grant from the Jacqueline Desmarais Foundation, and is a Second prize winner of the Ottawa Choral Society’s New Discoveries auditions. In January 2014, Cécile made her debut with the Opéra de Montréal as The Strawberry Woman (Porgy and Bess), and has been an Atelier lyrique member from 2014 to 2016.</p>
<p style="text-align: left;">Among other things, she has performed melodies of Satie and Poulenc with Julien Proulx and Drummondville’ symphonic orchestra, as well as sang the role of Lisbé (<em>Zémire et Azor</em>) with Les Violons du Roy ensemble and its associate conductor Mathieu Lussier, staged by the famous Denys Arcand.</p>
<p style="text-align: left;">Recently, she was singing the role of Zerlina (<em>Don Giovanni</em>), a coproduction of Jeunesses musicales Canada and the Opéra de Québec. This summer, she will perform the role of Gretel (<em>Opera Candy: the gourmet adventure of Hansel and Gretel</em>), that will be presented at the Festival d’Opéra de Québec.</p>
<p style="text-align: left;"><strong>Cécile Muhire is generously sponsored by Claire &amp; Laurent Beaudoin. </strong></p>
<p>&nbsp;</p>
<p style="text-align: left;"><span style="color: #ff0000;"><strong>ARIA</strong></span></p>
<p style="text-align: left;"><strong>FIRST ROUND</strong></p>
<p style="text-align: left;"><strong style="font-style: normal; font-size: 13.0093px; text-align: left;">Wolfgang Amadeus Mozart<br /></strong><span style="font-size: 13.0093px;">Solitudini amiche… Zeffiretti lusinghier (</span><em style="font-weight: 400; font-size: 13.0093px;">Idomeneo</em><span style="font-size: 13.0093px;">)</span></p>
<p style="text-align: left;"><strong style="font-style: normal; font-size: 13.0093px; text-align: left;">Alban Berg</strong><br style="font-size: 13.0093px; text-align: left;" /><em style="font-weight: 400; font-size: 13.0093px; text-align: left;">Sieben frühe Lieder</em><br style="font-size: 13.0093px; text-align: left;" /><span style="font-size: 13.0093px; text-align: left;">     Die Nachtigall</span><br style="font-size: 13.0093px; text-align: left;" /><span style="font-size: 13.0093px; text-align: left;">     Im Zimmer</span></p>
<p style="text-align: left;"><strong>Gioachino Rossini</strong><br />En proie à la tristesse (<em>Le comte Ory</em>)</p>
<p style="text-align: center;"><strong>Official pianist:</strong> Esther Gonthier</p>
<p style="text-align: left;"><strong><br />SEMIFINAL</strong></p>
<p style="text-align: left;"><strong>Wolfgang Amadeus Mozart</strong><br />Ma se colpa&#8230; Batti, batti, o bel Masetto (<em>Don Giovanni</em>)</p>
<p style="text-align: left;"><strong>George Frideric Handel</strong><br />Rejoice Greatly, O Daughter Of Zion (<em>Messiah</em>)</p>
<p><strong>Maurice Ravel</strong><br /><em>Cinq Mélodies populaires grecques      </em><br />     Chanson de la mariée <br />     Là-bas, vers l’église<br />     Quel galant m’est comparable<br />     Chanson des cueilleuses de lentisques<br />     Tout gai</p>
<p style="text-align: left;"><strong><br />FINAL</strong></p>
<p style="text-align: left;"><strong>Gioachino Rossini</strong><br />Prendi, per me sei libero (<em>L&#8217;elisir d&#8217;amore</em>)</p>
<p><strong>Gustav Mahler</strong> <br />Symphonie no. 4                                                                                                                                                                                                                                                                     <br />      Sehr behaglich: &#8220;Wir genießen die <span style="font-size: 13.0093px; text-align: center;">himmlischen Freuden&#8221;</span></p>
<p style="text-align: left;"><strong>Wolfgang Amadeus Mozart </strong>      <br /><span style="font-size: 13.0093px;">Alleluja (</span><em>Exsultate Jubilate K. 165</em>)           </p>

<p>VOICE 2018 Edition &#8211; ARIA DIVISION &nbsp; soprano Biography 2018: Montreal soprano Cécile Muhire completed her studies at the Conservatoire de musique de Montréal and is currently working with soprano Lyne Fortin and pianist Esther Gonthier. She has twice received a grant from the Jacqueline Desmarais Foundation, and is a Second prize winner of the [&hellip;]</p>

/wp-content/uploads/2018/05/CMIM-2018-Cecile-Muhire_crédit-photo-Annie-Ethier-e1527541633933.jpg
